{"id":173,"date":"2014-12-22T12:09:31","date_gmt":"2014-12-22T10:09:31","guid":{"rendered":"http:\/\/www.the-only-thing-constant.com\/it-sachverstaendiger\/?page_id=173"},"modified":"2019-09-04T13:51:22","modified_gmt":"2019-09-04T12:51:22","slug":"leistungen_wertermittlung_und_aufwandsschaetzung","status":"publish","type":"page","link":"https:\/\/www.ecambria-experts.de\/it-sachverstaendiger\/leistungen_wertermittlung_und_aufwandsschaetzung","title":{"rendered":"Wertermittlung, Aufwandssch\u00e4tzung und Wertgutachten"},"content":{"rendered":"<h1>Wertermittlung, Aufwandssch\u00e4tzung und Wertgutachten<\/h1>\n<p class=\"main-text\">Es gibt viele Situationen, in denen der Wert einer Software bestimmt werden muss: Bei Unternehmensk\u00e4ufen, Gr\u00fcndungen, Investitionen oder auch im Falle der Insolvenz sind h\u00e4ufig auch Individual- oder Standardsoftware im Spiel. In solchen F\u00e4llen erstellen die IT-Sachverst\u00e4ndigen der ecambria <em>Wertgutachten<\/em>, die nach dem jeweils situationsgerechten Wertma\u00dfstab eine nachvollziehbare Wertangabe liefern.<\/p>\n<p>In Situationen, in denen es um die Sch\u00e4tzung der Aufw\u00e4nde f\u00fcr eine zuk\u00fcnftige Entwicklung, \u00c4nderung oder auch Fehlerbehebung geht (z.B. bei der Anforderung eines Vorschusses im Rahmen einer Selbstvornahme), k\u00f6nnen unsere IT-Gutachter auf Basis ihrer langj\u00e4hrigen Praxiserfahrung tragf\u00e4hige Sch\u00e4tzungen abgeben. Daneben erstellen wir auch nachvollziehbare Absch\u00e4tzungen des Marktvolumens f\u00fcr bestimmte Softwareprodukte.<\/p>\n","protected":false},"excerpt":{"rendered":"<p>Wertermittlung, Aufwandssch\u00e4tzung und Wertgutachten Es gibt viele Situationen, in denen der Wert einer Software bestimmt werden muss: Bei Unternehmensk\u00e4ufen, Gr\u00fcndungen, Investitionen oder auch im Falle der Insolvenz sind h\u00e4ufig auch Individual- oder Standardsoftware im Spiel. In solchen F\u00e4llen erstellen die IT-Sachverst\u00e4ndigen der ecambria Wertgutachten, die nach dem jeweils situationsgerechten Wertma\u00dfstab&#8230;<\/p>\n","protected":false},"author":1,"featured_media":0,"parent":0,"menu_order":0,"comment_status":"closed","ping_status":"closed","template":"","meta":{"inline_featured_image":false,"footnotes":""},"class_list":["post-173","page","type-page","status-publish","hentry"],"yoast_head":"<!-- This site is optimized with the Yoast SEO plugin v25.4 - https:\/\/yoast.com\/wordpress\/plugins\/seo\/ -->\n<title>Wertermittlung, Aufwandssch\u00e4tzung und Wertgutachten - ecambria experts<\/title>\n<meta name=\"description\" content=\"Es gibt viele Situationen, in denen der Wert von Software bestimmt werden muss: Bei Unternehmensk\u00e4ufen, Gr\u00fcndungen, Investitionen oder auch in der Insolvenz\" \/>\n<meta name=\"robots\" content=\"index, follow, max-snippet:-1, max-image-preview:large, max-video-preview:-1\" \/>\n<link rel=\"canonical\" href=\"https:\/\/www.ecambria-experts.de\/it-sachverstaendiger\/leistungen_wertermittlung_und_aufwandsschaetzung\" \/>\n<meta property=\"og:locale\" content=\"de_DE\" \/>\n<meta property=\"og:type\" content=\"article\" \/>\n<meta property=\"og:title\" content=\"Wertermittlung, Aufwandssch\u00e4tzung und Wertgutachten - ecambria experts\" \/>\n<meta property=\"og:description\" content=\"Es gibt viele Situationen, in denen der Wert von Software bestimmt werden muss: Bei Unternehmensk\u00e4ufen, Gr\u00fcndungen, Investitionen oder auch in der Insolvenz\" \/>\n<meta property=\"og:url\" content=\"https:\/\/www.ecambria-experts.de\/it-sachverstaendiger\/leistungen_wertermittlung_und_aufwandsschaetzung\" \/>\n<meta property=\"og:site_name\" content=\"ecambria experts\" \/>\n<meta property=\"article:modified_time\" content=\"2019-09-04T12:51:22+00:00\" \/>\n<meta name=\"twitter:card\" content=\"summary_large_image\" \/>\n<meta name=\"twitter:label1\" content=\"Gesch\u00e4tzte Lesezeit\" \/>\n\t<meta name=\"twitter:data1\" content=\"1\u00a0Minute\" \/>\n<script type=\"application\/ld+json\" class=\"yoast-schema-graph\">{\"@context\":\"https:\/\/schema.org\",\"@graph\":[{\"@type\":\"WebPage\",\"@id\":\"https:\/\/www.ecambria-experts.de\/it-sachverstaendiger\/leistungen_wertermittlung_und_aufwandsschaetzung\",\"url\":\"https:\/\/www.ecambria-experts.de\/it-sachverstaendiger\/leistungen_wertermittlung_und_aufwandsschaetzung\",\"name\":\"Wertermittlung, Aufwandssch\u00e4tzung und Wertgutachten - ecambria experts\",\"isPartOf\":{\"@id\":\"https:\/\/www.ecambria-experts.de\/it-sachverstaendiger\/#website\"},\"datePublished\":\"2014-12-22T10:09:31+00:00\",\"dateModified\":\"2019-09-04T12:51:22+00:00\",\"description\":\"Es gibt viele Situationen, in denen der Wert von Software bestimmt werden muss: Bei Unternehmensk\u00e4ufen, Gr\u00fcndungen, Investitionen oder auch in der Insolvenz\",\"breadcrumb\":{\"@id\":\"https:\/\/www.ecambria-experts.de\/it-sachverstaendiger\/leistungen_wertermittlung_und_aufwandsschaetzung#breadcrumb\"},\"inLanguage\":\"de\",\"potentialAction\":[{\"@type\":\"ReadAction\",\"target\":[\"https:\/\/www.ecambria-experts.de\/it-sachverstaendiger\/leistungen_wertermittlung_und_aufwandsschaetzung\"]}]},{\"@type\":\"BreadcrumbList\",\"@id\":\"https:\/\/www.ecambria-experts.de\/it-sachverstaendiger\/leistungen_wertermittlung_und_aufwandsschaetzung#breadcrumb\",\"itemListElement\":[{\"@type\":\"ListItem\",\"position\":1,\"name\":\"Startseite\",\"item\":\"https:\/\/www.ecambria-experts.de\/it-sachverstaendiger\/\"},{\"@type\":\"ListItem\",\"position\":2,\"name\":\"Wertermittlung, Aufwandssch\u00e4tzung und Wertgutachten\"}]},{\"@type\":\"WebSite\",\"@id\":\"https:\/\/www.ecambria-experts.de\/it-sachverstaendiger\/#website\",\"url\":\"https:\/\/www.ecambria-experts.de\/it-sachverstaendiger\/\",\"name\":\"ecambria experts\",\"description\":\"IT-Sachverst\u00e4ndige und Gutachter, Bewertung, Gerichtsgutachten, Privatgutachten, Schlichtung\",\"publisher\":{\"@id\":\"https:\/\/www.ecambria-experts.de\/it-sachverstaendiger\/#organization\"},\"potentialAction\":[{\"@type\":\"SearchAction\",\"target\":{\"@type\":\"EntryPoint\",\"urlTemplate\":\"https:\/\/www.ecambria-experts.de\/it-sachverstaendiger\/?s={search_term_string}\"},\"query-input\":{\"@type\":\"PropertyValueSpecification\",\"valueRequired\":true,\"valueName\":\"search_term_string\"}}],\"inLanguage\":\"de\"},{\"@type\":\"Organization\",\"@id\":\"https:\/\/www.ecambria-experts.de\/it-sachverstaendiger\/#organization\",\"name\":\"ecambria experts\",\"url\":\"https:\/\/www.ecambria-experts.de\/it-sachverstaendiger\/\",\"logo\":{\"@type\":\"ImageObject\",\"inLanguage\":\"de\",\"@id\":\"https:\/\/www.ecambria-experts.de\/it-sachverstaendiger\/#\/schema\/logo\/image\/\",\"url\":\"https:\/\/www.ecambria-experts.de\/it-sachverstaendiger\/wp-content\/uploads\/2025\/09\/ecambria_experts_logo_ohne_rand.svg\",\"contentUrl\":\"https:\/\/www.ecambria-experts.de\/it-sachverstaendiger\/wp-content\/uploads\/2025\/09\/ecambria_experts_logo_ohne_rand.svg\",\"width\":369,\"height\":60,\"caption\":\"ecambria experts\"},\"image\":{\"@id\":\"https:\/\/www.ecambria-experts.de\/it-sachverstaendiger\/#\/schema\/logo\/image\/\"}}]}<\/script>\n<!-- \/ Yoast SEO plugin. -->","yoast_head_json":{"title":"Wertermittlung, Aufwandssch\u00e4tzung und Wertgutachten - ecambria experts","description":"Es gibt viele Situationen, in denen der Wert von Software bestimmt werden muss: Bei Unternehmensk\u00e4ufen, Gr\u00fcndungen, Investitionen oder auch in der Insolvenz","robots":{"index":"index","follow":"follow","max-snippet":"max-snippet:-1","max-image-preview":"max-image-preview:large","max-video-preview":"max-video-preview:-1"},"canonical":"https:\/\/www.ecambria-experts.de\/it-sachverstaendiger\/leistungen_wertermittlung_und_aufwandsschaetzung","og_locale":"de_DE","og_type":"article","og_title":"Wertermittlung, Aufwandssch\u00e4tzung und Wertgutachten - ecambria experts","og_description":"Es gibt viele Situationen, in denen der Wert von Software bestimmt werden muss: Bei Unternehmensk\u00e4ufen, Gr\u00fcndungen, Investitionen oder auch in der Insolvenz","og_url":"https:\/\/www.ecambria-experts.de\/it-sachverstaendiger\/leistungen_wertermittlung_und_aufwandsschaetzung","og_site_name":"ecambria experts","article_modified_time":"2019-09-04T12:51:22+00:00","twitter_card":"summary_large_image","twitter_misc":{"Gesch\u00e4tzte Lesezeit":"1\u00a0Minute"},"schema":{"@context":"https:\/\/schema.org","@graph":[{"@type":"WebPage","@id":"https:\/\/www.ecambria-experts.de\/it-sachverstaendiger\/leistungen_wertermittlung_und_aufwandsschaetzung","url":"https:\/\/www.ecambria-experts.de\/it-sachverstaendiger\/leistungen_wertermittlung_und_aufwandsschaetzung","name":"Wertermittlung, Aufwandssch\u00e4tzung und Wertgutachten - ecambria experts","isPartOf":{"@id":"https:\/\/www.ecambria-experts.de\/it-sachverstaendiger\/#website"},"datePublished":"2014-12-22T10:09:31+00:00","dateModified":"2019-09-04T12:51:22+00:00","description":"Es gibt viele Situationen, in denen der Wert von Software bestimmt werden muss: Bei Unternehmensk\u00e4ufen, Gr\u00fcndungen, Investitionen oder auch in der Insolvenz","breadcrumb":{"@id":"https:\/\/www.ecambria-experts.de\/it-sachverstaendiger\/leistungen_wertermittlung_und_aufwandsschaetzung#breadcrumb"},"inLanguage":"de","potentialAction":[{"@type":"ReadAction","target":["https:\/\/www.ecambria-experts.de\/it-sachverstaendiger\/leistungen_wertermittlung_und_aufwandsschaetzung"]}]},{"@type":"BreadcrumbList","@id":"https:\/\/www.ecambria-experts.de\/it-sachverstaendiger\/leistungen_wertermittlung_und_aufwandsschaetzung#breadcrumb","itemListElement":[{"@type":"ListItem","position":1,"name":"Startseite","item":"https:\/\/www.ecambria-experts.de\/it-sachverstaendiger\/"},{"@type":"ListItem","position":2,"name":"Wertermittlung, Aufwandssch\u00e4tzung und Wertgutachten"}]},{"@type":"WebSite","@id":"https:\/\/www.ecambria-experts.de\/it-sachverstaendiger\/#website","url":"https:\/\/www.ecambria-experts.de\/it-sachverstaendiger\/","name":"ecambria experts","description":"IT-Sachverst\u00e4ndige und Gutachter, Bewertung, Gerichtsgutachten, Privatgutachten, Schlichtung","publisher":{"@id":"https:\/\/www.ecambria-experts.de\/it-sachverstaendiger\/#organization"},"potentialAction":[{"@type":"SearchAction","target":{"@type":"EntryPoint","urlTemplate":"https:\/\/www.ecambria-experts.de\/it-sachverstaendiger\/?s={search_term_string}"},"query-input":{"@type":"PropertyValueSpecification","valueRequired":true,"valueName":"search_term_string"}}],"inLanguage":"de"},{"@type":"Organization","@id":"https:\/\/www.ecambria-experts.de\/it-sachverstaendiger\/#organization","name":"ecambria experts","url":"https:\/\/www.ecambria-experts.de\/it-sachverstaendiger\/","logo":{"@type":"ImageObject","inLanguage":"de","@id":"https:\/\/www.ecambria-experts.de\/it-sachverstaendiger\/#\/schema\/logo\/image\/","url":"https:\/\/www.ecambria-experts.de\/it-sachverstaendiger\/wp-content\/uploads\/2025\/09\/ecambria_experts_logo_ohne_rand.svg","contentUrl":"https:\/\/www.ecambria-experts.de\/it-sachverstaendiger\/wp-content\/uploads\/2025\/09\/ecambria_experts_logo_ohne_rand.svg","width":369,"height":60,"caption":"ecambria experts"},"image":{"@id":"https:\/\/www.ecambria-experts.de\/it-sachverstaendiger\/#\/schema\/logo\/image\/"}}]}},"_links":{"self":[{"href":"https:\/\/www.ecambria-experts.de\/it-sachverstaendiger\/wp-json\/wp\/v2\/pages\/173","targetHints":{"allow":["GET"]}}],"collection":[{"href":"https:\/\/www.ecambria-experts.de\/it-sachverstaendiger\/wp-json\/wp\/v2\/pages"}],"about":[{"href":"https:\/\/www.ecambria-experts.de\/it-sachverstaendiger\/wp-json\/wp\/v2\/types\/page"}],"author":[{"embeddable":true,"href":"https:\/\/www.ecambria-experts.de\/it-sachverstaendiger\/wp-json\/wp\/v2\/users\/1"}],"replies":[{"embeddable":true,"href":"https:\/\/www.ecambria-experts.de\/it-sachverstaendiger\/wp-json\/wp\/v2\/comments?post=173"}],"version-history":[{"count":5,"href":"https:\/\/www.ecambria-experts.de\/it-sachverstaendiger\/wp-json\/wp\/v2\/pages\/173\/revisions"}],"predecessor-version":[{"id":1348,"href":"https:\/\/www.ecambria-experts.de\/it-sachverstaendiger\/wp-json\/wp\/v2\/pages\/173\/revisions\/1348"}],"wp:attachment":[{"href":"https:\/\/www.ecambria-experts.de\/it-sachverstaendiger\/wp-json\/wp\/v2\/media?parent=173"}],"curies":[{"name":"wp","href":"https:\/\/api.w.org\/{rel}","templated":true}]}}