{"id":175,"date":"2014-12-22T12:10:06","date_gmt":"2014-12-22T10:10:06","guid":{"rendered":"http:\/\/www.the-only-thing-constant.com\/it-sachverstaendiger\/?page_id=175"},"modified":"2019-09-04T13:50:57","modified_gmt":"2019-09-04T12:50:57","slug":"leistungen_bewertung_der_projektdurchfuehrung","status":"publish","type":"page","link":"https:\/\/www.ecambria-experts.de\/it-sachverstaendiger\/leistungen_bewertung_der_projektdurchfuehrung","title":{"rendered":"Bewertung der Projektdurchf\u00fchrung"},"content":{"rendered":"<h1>Bewertung der Projektdurchf\u00fchrung<\/h1>\n<p id=\"leftcolumn\">Es gibt viele Arten, Softwareprojekte zur Entwicklung oder Anpassung von IT-Systemen durchzuf\u00fchren \u2013 ein Patentrezept gibt es jedoch nicht. Jede Methode hat Vor- und Nachteile, so dass es bei Vorw\u00fcrfen in Bezug auf die korrekte Projektdurchf\u00fchrung immer auf die Betrachtung des Einzelfalls ankommt. Was bei einem SCRUM-Projekt ggf. normal ist, w\u00e4re bei einem Projekt nach einer Wasserfall-Methodik hochproblematisch. Hier k\u00f6nnen wir auf Basis unserer umfassenden Praxiserfahrung mit klassischen und modernen Vorgehensmodellen eine neutrale Bewertung durchf\u00fchren.<\/p>\n<p id=\"contentcolumn\">Je nach Situation k\u00f6nnen wir dann Ma\u00dfnahmen zur Behebung der Projektschieflage oder eine gutachterliche Dokumentation f\u00fcr den Streitfall vorbereiten.<\/p>\n","protected":false},"excerpt":{"rendered":"<p>Bewertung der Projektdurchf\u00fchrung Es gibt viele Arten, Softwareprojekte zur Entwicklung oder Anpassung von IT-Systemen durchzuf\u00fchren \u2013 ein Patentrezept gibt es jedoch nicht. Jede Methode hat Vor- und Nachteile, so dass es bei Vorw\u00fcrfen in Bezug auf die korrekte Projektdurchf\u00fchrung immer auf die Betrachtung des Einzelfalls ankommt. Was bei einem SCRUM-Projekt&#8230;<\/p>\n","protected":false},"author":1,"featured_media":0,"parent":0,"menu_order":0,"comment_status":"closed","ping_status":"closed","template":"","meta":{"inline_featured_image":false,"footnotes":""},"class_list":["post-175","page","type-page","status-publish","hentry"],"yoast_head":"<!-- This site is optimized with the Yoast SEO plugin v25.4 - https:\/\/yoast.com\/wordpress\/plugins\/seo\/ -->\n<title>Bewertung der Projektdurchf\u00fchrung in komplexen IT-Projekten<\/title>\n<meta name=\"description\" content=\"Auf Basis unserer Praxiserfahrung mit komplexen IT-Projekten (klassische und moderne Vorgehensmodelle) f\u00fchren wir f\u00fcr Sie eine neutrale Bewertung durch.\" \/>\n<meta name=\"robots\" content=\"index, follow, max-snippet:-1, max-image-preview:large, max-video-preview:-1\" \/>\n<link rel=\"canonical\" href=\"https:\/\/www.ecambria-experts.de\/it-sachverstaendiger\/leistungen_bewertung_der_projektdurchfuehrung\" \/>\n<meta property=\"og:locale\" content=\"de_DE\" \/>\n<meta property=\"og:type\" content=\"article\" \/>\n<meta property=\"og:title\" content=\"Bewertung der Projektdurchf\u00fchrung in komplexen IT-Projekten\" \/>\n<meta property=\"og:description\" content=\"Auf Basis unserer Praxiserfahrung mit komplexen IT-Projekten (klassische und moderne Vorgehensmodelle) f\u00fchren wir f\u00fcr Sie eine neutrale Bewertung durch.\" \/>\n<meta property=\"og:url\" content=\"https:\/\/www.ecambria-experts.de\/it-sachverstaendiger\/leistungen_bewertung_der_projektdurchfuehrung\" \/>\n<meta property=\"og:site_name\" content=\"ecambria experts\" \/>\n<meta property=\"article:modified_time\" content=\"2019-09-04T12:50:57+00:00\" \/>\n<meta name=\"twitter:card\" content=\"summary_large_image\" \/>\n<meta name=\"twitter:label1\" content=\"Gesch\u00e4tzte Lesezeit\" \/>\n\t<meta name=\"twitter:data1\" content=\"1\u00a0Minute\" \/>\n<script type=\"application\/ld+json\" class=\"yoast-schema-graph\">{\"@context\":\"https:\/\/schema.org\",\"@graph\":[{\"@type\":\"WebPage\",\"@id\":\"https:\/\/www.ecambria-experts.de\/it-sachverstaendiger\/leistungen_bewertung_der_projektdurchfuehrung\",\"url\":\"https:\/\/www.ecambria-experts.de\/it-sachverstaendiger\/leistungen_bewertung_der_projektdurchfuehrung\",\"name\":\"Bewertung der Projektdurchf\u00fchrung in komplexen IT-Projekten\",\"isPartOf\":{\"@id\":\"https:\/\/www.ecambria-experts.de\/it-sachverstaendiger\/#website\"},\"datePublished\":\"2014-12-22T10:10:06+00:00\",\"dateModified\":\"2019-09-04T12:50:57+00:00\",\"description\":\"Auf Basis unserer Praxiserfahrung mit komplexen IT-Projekten (klassische und moderne Vorgehensmodelle) f\u00fchren wir f\u00fcr Sie eine neutrale Bewertung durch.\",\"breadcrumb\":{\"@id\":\"https:\/\/www.ecambria-experts.de\/it-sachverstaendiger\/leistungen_bewertung_der_projektdurchfuehrung#breadcrumb\"},\"inLanguage\":\"de\",\"potentialAction\":[{\"@type\":\"ReadAction\",\"target\":[\"https:\/\/www.ecambria-experts.de\/it-sachverstaendiger\/leistungen_bewertung_der_projektdurchfuehrung\"]}]},{\"@type\":\"BreadcrumbList\",\"@id\":\"https:\/\/www.ecambria-experts.de\/it-sachverstaendiger\/leistungen_bewertung_der_projektdurchfuehrung#breadcrumb\",\"itemListElement\":[{\"@type\":\"ListItem\",\"position\":1,\"name\":\"Startseite\",\"item\":\"https:\/\/www.ecambria-experts.de\/it-sachverstaendiger\/\"},{\"@type\":\"ListItem\",\"position\":2,\"name\":\"Bewertung der Projektdurchf\u00fchrung\"}]},{\"@type\":\"WebSite\",\"@id\":\"https:\/\/www.ecambria-experts.de\/it-sachverstaendiger\/#website\",\"url\":\"https:\/\/www.ecambria-experts.de\/it-sachverstaendiger\/\",\"name\":\"ecambria experts\",\"description\":\"IT-Sachverst\u00e4ndige und Gutachter, Bewertung, Gerichtsgutachten, Privatgutachten, Schlichtung\",\"publisher\":{\"@id\":\"https:\/\/www.ecambria-experts.de\/it-sachverstaendiger\/#organization\"},\"potentialAction\":[{\"@type\":\"SearchAction\",\"target\":{\"@type\":\"EntryPoint\",\"urlTemplate\":\"https:\/\/www.ecambria-experts.de\/it-sachverstaendiger\/?s={search_term_string}\"},\"query-input\":{\"@type\":\"PropertyValueSpecification\",\"valueRequired\":true,\"valueName\":\"search_term_string\"}}],\"inLanguage\":\"de\"},{\"@type\":\"Organization\",\"@id\":\"https:\/\/www.ecambria-experts.de\/it-sachverstaendiger\/#organization\",\"name\":\"ecambria experts\",\"url\":\"https:\/\/www.ecambria-experts.de\/it-sachverstaendiger\/\",\"logo\":{\"@type\":\"ImageObject\",\"inLanguage\":\"de\",\"@id\":\"https:\/\/www.ecambria-experts.de\/it-sachverstaendiger\/#\/schema\/logo\/image\/\",\"url\":\"https:\/\/www.ecambria-experts.de\/it-sachverstaendiger\/wp-content\/uploads\/2025\/09\/ecambria_experts_logo_ohne_rand.svg\",\"contentUrl\":\"https:\/\/www.ecambria-experts.de\/it-sachverstaendiger\/wp-content\/uploads\/2025\/09\/ecambria_experts_logo_ohne_rand.svg\",\"width\":369,\"height\":60,\"caption\":\"ecambria experts\"},\"image\":{\"@id\":\"https:\/\/www.ecambria-experts.de\/it-sachverstaendiger\/#\/schema\/logo\/image\/\"}}]}<\/script>\n<!-- \/ Yoast SEO plugin. -->","yoast_head_json":{"title":"Bewertung der Projektdurchf\u00fchrung in komplexen IT-Projekten","description":"Auf Basis unserer Praxiserfahrung mit komplexen IT-Projekten (klassische und moderne Vorgehensmodelle) f\u00fchren wir f\u00fcr Sie eine neutrale Bewertung durch.","robots":{"index":"index","follow":"follow","max-snippet":"max-snippet:-1","max-image-preview":"max-image-preview:large","max-video-preview":"max-video-preview:-1"},"canonical":"https:\/\/www.ecambria-experts.de\/it-sachverstaendiger\/leistungen_bewertung_der_projektdurchfuehrung","og_locale":"de_DE","og_type":"article","og_title":"Bewertung der Projektdurchf\u00fchrung in komplexen IT-Projekten","og_description":"Auf Basis unserer Praxiserfahrung mit komplexen IT-Projekten (klassische und moderne Vorgehensmodelle) f\u00fchren wir f\u00fcr Sie eine neutrale Bewertung durch.","og_url":"https:\/\/www.ecambria-experts.de\/it-sachverstaendiger\/leistungen_bewertung_der_projektdurchfuehrung","og_site_name":"ecambria experts","article_modified_time":"2019-09-04T12:50:57+00:00","twitter_card":"summary_large_image","twitter_misc":{"Gesch\u00e4tzte Lesezeit":"1\u00a0Minute"},"schema":{"@context":"https:\/\/schema.org","@graph":[{"@type":"WebPage","@id":"https:\/\/www.ecambria-experts.de\/it-sachverstaendiger\/leistungen_bewertung_der_projektdurchfuehrung","url":"https:\/\/www.ecambria-experts.de\/it-sachverstaendiger\/leistungen_bewertung_der_projektdurchfuehrung","name":"Bewertung der Projektdurchf\u00fchrung in komplexen IT-Projekten","isPartOf":{"@id":"https:\/\/www.ecambria-experts.de\/it-sachverstaendiger\/#website"},"datePublished":"2014-12-22T10:10:06+00:00","dateModified":"2019-09-04T12:50:57+00:00","description":"Auf Basis unserer Praxiserfahrung mit komplexen IT-Projekten (klassische und moderne Vorgehensmodelle) f\u00fchren wir f\u00fcr Sie eine neutrale Bewertung durch.","breadcrumb":{"@id":"https:\/\/www.ecambria-experts.de\/it-sachverstaendiger\/leistungen_bewertung_der_projektdurchfuehrung#breadcrumb"},"inLanguage":"de","potentialAction":[{"@type":"ReadAction","target":["https:\/\/www.ecambria-experts.de\/it-sachverstaendiger\/leistungen_bewertung_der_projektdurchfuehrung"]}]},{"@type":"BreadcrumbList","@id":"https:\/\/www.ecambria-experts.de\/it-sachverstaendiger\/leistungen_bewertung_der_projektdurchfuehrung#breadcrumb","itemListElement":[{"@type":"ListItem","position":1,"name":"Startseite","item":"https:\/\/www.ecambria-experts.de\/it-sachverstaendiger\/"},{"@type":"ListItem","position":2,"name":"Bewertung der Projektdurchf\u00fchrung"}]},{"@type":"WebSite","@id":"https:\/\/www.ecambria-experts.de\/it-sachverstaendiger\/#website","url":"https:\/\/www.ecambria-experts.de\/it-sachverstaendiger\/","name":"ecambria experts","description":"IT-Sachverst\u00e4ndige und Gutachter, Bewertung, Gerichtsgutachten, Privatgutachten, Schlichtung","publisher":{"@id":"https:\/\/www.ecambria-experts.de\/it-sachverstaendiger\/#organization"},"potentialAction":[{"@type":"SearchAction","target":{"@type":"EntryPoint","urlTemplate":"https:\/\/www.ecambria-experts.de\/it-sachverstaendiger\/?s={search_term_string}"},"query-input":{"@type":"PropertyValueSpecification","valueRequired":true,"valueName":"search_term_string"}}],"inLanguage":"de"},{"@type":"Organization","@id":"https:\/\/www.ecambria-experts.de\/it-sachverstaendiger\/#organization","name":"ecambria experts","url":"https:\/\/www.ecambria-experts.de\/it-sachverstaendiger\/","logo":{"@type":"ImageObject","inLanguage":"de","@id":"https:\/\/www.ecambria-experts.de\/it-sachverstaendiger\/#\/schema\/logo\/image\/","url":"https:\/\/www.ecambria-experts.de\/it-sachverstaendiger\/wp-content\/uploads\/2025\/09\/ecambria_experts_logo_ohne_rand.svg","contentUrl":"https:\/\/www.ecambria-experts.de\/it-sachverstaendiger\/wp-content\/uploads\/2025\/09\/ecambria_experts_logo_ohne_rand.svg","width":369,"height":60,"caption":"ecambria experts"},"image":{"@id":"https:\/\/www.ecambria-experts.de\/it-sachverstaendiger\/#\/schema\/logo\/image\/"}}]}},"_links":{"self":[{"href":"https:\/\/www.ecambria-experts.de\/it-sachverstaendiger\/wp-json\/wp\/v2\/pages\/175","targetHints":{"allow":["GET"]}}],"collection":[{"href":"https:\/\/www.ecambria-experts.de\/it-sachverstaendiger\/wp-json\/wp\/v2\/pages"}],"about":[{"href":"https:\/\/www.ecambria-experts.de\/it-sachverstaendiger\/wp-json\/wp\/v2\/types\/page"}],"author":[{"embeddable":true,"href":"https:\/\/www.ecambria-experts.de\/it-sachverstaendiger\/wp-json\/wp\/v2\/users\/1"}],"replies":[{"embeddable":true,"href":"https:\/\/www.ecambria-experts.de\/it-sachverstaendiger\/wp-json\/wp\/v2\/comments?post=175"}],"version-history":[{"count":3,"href":"https:\/\/www.ecambria-experts.de\/it-sachverstaendiger\/wp-json\/wp\/v2\/pages\/175\/revisions"}],"predecessor-version":[{"id":1344,"href":"https:\/\/www.ecambria-experts.de\/it-sachverstaendiger\/wp-json\/wp\/v2\/pages\/175\/revisions\/1344"}],"wp:attachment":[{"href":"https:\/\/www.ecambria-experts.de\/it-sachverstaendiger\/wp-json\/wp\/v2\/media?parent=175"}],"curies":[{"name":"wp","href":"https:\/\/api.w.org\/{rel}","templated":true}]}}