{"id":186,"date":"2014-12-22T12:19:35","date_gmt":"2014-12-22T10:19:35","guid":{"rendered":"http:\/\/www.the-only-thing-constant.com\/it-sachverstaendiger\/?page_id=186"},"modified":"2021-04-09T14:13:48","modified_gmt":"2021-04-09T13:13:48","slug":"publikationen_usability_documentation","status":"publish","type":"page","link":"https:\/\/www.ecambria-experts.de\/it-sachverstaendiger\/publikationen_usability_documentation","title":{"rendered":"Software Usability &#8211; Ver\u00e4nderte Anspr\u00fcche an Programm und Dokumentation: Ber\u00fccksichtigung im IT-Vertrag und Bewertung im Rechtsstreit"},"content":{"rendered":"<p class=\"main-text\"><em>Stiemerling, Oliver:<\/em> <strong>Software Usability &#8211; Ver\u00e4nderte Anspr\u00fcche an Programm und Dokumentation: Ber\u00fccksichtigung im IT-Vertrag und Bewertung im Rechtsstreit<\/strong>, ITRB 7\/2009, 154-158<\/p>\n<p class=\"main-title\"><strong>Abstrakt<\/strong><\/p>\n<p id=\"contentcolumn\">Die Benutzbarkeit (Usability) interaktiver Software durch Laien spielt aufgrund der zunehmenden Computerisierung vieler Lebensbereiche eine immer wichtigere Rolle. Dadurch motiviert, hat sich der Stand der Technik im Bereich der Dialoggestaltung bei Softwaresystemen in den letzten Jahren erheblich weiterentwickelt und in allgemein anerkannten Vorgehensweisen, Regeln und Normen niedergeschlagen. Direkte Konsequenzen dieser Fortschritte sind zum einen die nachlassende Bedeutung separater Benutzerhandb\u00fccher, zum anderen die stark gestiegenen Anspr\u00fcche an die Selbstbeschreibungsf\u00e4higkeit und allgemeine Benutzbarkeit interaktiver Software. Dies f\u00fchrt zu der Notwendigkeit, neben den Dokumentationsanforderungen auch die Usability bei der Gestaltung von IT-Vertr\u00e4gen explizit zu ber\u00fccksichtigen und im Rahmen von Rechtsstreitigkeiten zu bewerten. Der Beitrag versucht, die Eigenschaft Usability f\u00fcr juristische Fragestellungen greifbar zu machen und stellt aus technischer Sicht verschiedene M\u00f6glichkeiten der Ber\u00fccksichtigung in IT-Vertr\u00e4gen und der Bewertung im Rechtsstreit vor.<\/p>\n<p>Der vollst\u00e4ndige Artikel ist erh\u00e4ltlich beim <a href=\"http:\/\/www.computerundrecht.de\/itrb.htm\" target=\"_blank\">Otto-Schmidt-Verlag<\/a> in K\u00f6ln.<\/p>\n","protected":false},"excerpt":{"rendered":"<p>Stiemerling, Oliver: Software Usability &#8211; Ver\u00e4nderte Anspr\u00fcche an Programm und Dokumentation: Ber\u00fccksichtigung im IT-Vertrag und Bewertung im Rechtsstreit, ITRB 7\/2009, 154-158 Abstrakt Die Benutzbarkeit (Usability) interaktiver Software durch Laien spielt aufgrund der zunehmenden Computerisierung vieler Lebensbereiche eine immer wichtigere Rolle. Dadurch motiviert, hat sich der Stand der Technik im Bereich&#8230;<\/p>\n","protected":false},"author":1,"featured_media":0,"parent":0,"menu_order":0,"comment_status":"closed","ping_status":"closed","template":"","meta":{"inline_featured_image":false,"footnotes":""},"class_list":["post-186","page","type-page","status-publish","hentry"],"yoast_head":"<!-- This site is optimized with the Yoast SEO plugin v25.4 - https:\/\/yoast.com\/wordpress\/plugins\/seo\/ -->\n<title>Software Usability - Ver\u00e4nderte Anspr\u00fcche an Programm und Dokumentation: Ber\u00fccksichtigung im IT-Vertrag und Bewertung im Rechtsstreit - ecambria experts<\/title>\n<meta name=\"description\" content=\"Die Benutzbarkeit (Usability) interaktiver Software durch Laien wird aufgrund der zunehmenden Computerisierung vieler Lebensbereiche immer wichtiger.\" \/>\n<meta name=\"robots\" content=\"index, follow, max-snippet:-1, max-image-preview:large, max-video-preview:-1\" \/>\n<link rel=\"canonical\" href=\"https:\/\/www.ecambria-experts.de\/it-sachverstaendiger\/publikationen_usability_documentation\" \/>\n<meta property=\"og:locale\" content=\"de_DE\" \/>\n<meta property=\"og:type\" content=\"article\" \/>\n<meta property=\"og:title\" content=\"Software Usability - Ver\u00e4nderte Anspr\u00fcche an Programm und Dokumentation: Ber\u00fccksichtigung im IT-Vertrag und Bewertung im Rechtsstreit - ecambria experts\" \/>\n<meta property=\"og:description\" content=\"Die Benutzbarkeit (Usability) interaktiver Software durch Laien wird aufgrund der zunehmenden Computerisierung vieler Lebensbereiche immer wichtiger.\" \/>\n<meta property=\"og:url\" content=\"https:\/\/www.ecambria-experts.de\/it-sachverstaendiger\/publikationen_usability_documentation\" \/>\n<meta property=\"og:site_name\" content=\"ecambria experts\" \/>\n<meta property=\"article:modified_time\" content=\"2021-04-09T13:13:48+00:00\" \/>\n<meta name=\"twitter:card\" content=\"summary_large_image\" \/>\n<meta name=\"twitter:label1\" content=\"Gesch\u00e4tzte Lesezeit\" \/>\n\t<meta name=\"twitter:data1\" content=\"1\u00a0Minute\" \/>\n<script type=\"application\/ld+json\" class=\"yoast-schema-graph\">{\"@context\":\"https:\/\/schema.org\",\"@graph\":[{\"@type\":\"WebPage\",\"@id\":\"https:\/\/www.ecambria-experts.de\/it-sachverstaendiger\/publikationen_usability_documentation\",\"url\":\"https:\/\/www.ecambria-experts.de\/it-sachverstaendiger\/publikationen_usability_documentation\",\"name\":\"Software Usability - Ver\u00e4nderte Anspr\u00fcche an Programm und Dokumentation: Ber\u00fccksichtigung im IT-Vertrag und Bewertung im Rechtsstreit - ecambria experts\",\"isPartOf\":{\"@id\":\"https:\/\/www.ecambria-experts.de\/it-sachverstaendiger\/#website\"},\"datePublished\":\"2014-12-22T10:19:35+00:00\",\"dateModified\":\"2021-04-09T13:13:48+00:00\",\"description\":\"Die Benutzbarkeit (Usability) interaktiver Software durch Laien wird aufgrund der zunehmenden Computerisierung vieler Lebensbereiche immer wichtiger.\",\"breadcrumb\":{\"@id\":\"https:\/\/www.ecambria-experts.de\/it-sachverstaendiger\/publikationen_usability_documentation#breadcrumb\"},\"inLanguage\":\"de\",\"potentialAction\":[{\"@type\":\"ReadAction\",\"target\":[\"https:\/\/www.ecambria-experts.de\/it-sachverstaendiger\/publikationen_usability_documentation\"]}]},{\"@type\":\"BreadcrumbList\",\"@id\":\"https:\/\/www.ecambria-experts.de\/it-sachverstaendiger\/publikationen_usability_documentation#breadcrumb\",\"itemListElement\":[{\"@type\":\"ListItem\",\"position\":1,\"name\":\"Startseite\",\"item\":\"https:\/\/www.ecambria-experts.de\/it-sachverstaendiger\/\"},{\"@type\":\"ListItem\",\"position\":2,\"name\":\"Software Usability &#8211; Ver\u00e4nderte Anspr\u00fcche an Programm und Dokumentation: Ber\u00fccksichtigung im IT-Vertrag und Bewertung im Rechtsstreit\"}]},{\"@type\":\"WebSite\",\"@id\":\"https:\/\/www.ecambria-experts.de\/it-sachverstaendiger\/#website\",\"url\":\"https:\/\/www.ecambria-experts.de\/it-sachverstaendiger\/\",\"name\":\"ecambria experts\",\"description\":\"IT-Sachverst\u00e4ndige und Gutachter, Bewertung, Gerichtsgutachten, Privatgutachten, Schlichtung\",\"publisher\":{\"@id\":\"https:\/\/www.ecambria-experts.de\/it-sachverstaendiger\/#organization\"},\"potentialAction\":[{\"@type\":\"SearchAction\",\"target\":{\"@type\":\"EntryPoint\",\"urlTemplate\":\"https:\/\/www.ecambria-experts.de\/it-sachverstaendiger\/?s={search_term_string}\"},\"query-input\":{\"@type\":\"PropertyValueSpecification\",\"valueRequired\":true,\"valueName\":\"search_term_string\"}}],\"inLanguage\":\"de\"},{\"@type\":\"Organization\",\"@id\":\"https:\/\/www.ecambria-experts.de\/it-sachverstaendiger\/#organization\",\"name\":\"ecambria experts\",\"url\":\"https:\/\/www.ecambria-experts.de\/it-sachverstaendiger\/\",\"logo\":{\"@type\":\"ImageObject\",\"inLanguage\":\"de\",\"@id\":\"https:\/\/www.ecambria-experts.de\/it-sachverstaendiger\/#\/schema\/logo\/image\/\",\"url\":\"https:\/\/www.ecambria-experts.de\/it-sachverstaendiger\/wp-content\/uploads\/2025\/09\/ecambria_experts_logo_ohne_rand.svg\",\"contentUrl\":\"https:\/\/www.ecambria-experts.de\/it-sachverstaendiger\/wp-content\/uploads\/2025\/09\/ecambria_experts_logo_ohne_rand.svg\",\"width\":369,\"height\":60,\"caption\":\"ecambria experts\"},\"image\":{\"@id\":\"https:\/\/www.ecambria-experts.de\/it-sachverstaendiger\/#\/schema\/logo\/image\/\"}}]}<\/script>\n<!-- \/ Yoast SEO plugin. -->","yoast_head_json":{"title":"Software Usability - Ver\u00e4nderte Anspr\u00fcche an Programm und Dokumentation: Ber\u00fccksichtigung im IT-Vertrag und Bewertung im Rechtsstreit - ecambria experts","description":"Die Benutzbarkeit (Usability) interaktiver Software durch Laien wird aufgrund der zunehmenden Computerisierung vieler Lebensbereiche immer wichtiger.","robots":{"index":"index","follow":"follow","max-snippet":"max-snippet:-1","max-image-preview":"max-image-preview:large","max-video-preview":"max-video-preview:-1"},"canonical":"https:\/\/www.ecambria-experts.de\/it-sachverstaendiger\/publikationen_usability_documentation","og_locale":"de_DE","og_type":"article","og_title":"Software Usability - Ver\u00e4nderte Anspr\u00fcche an Programm und Dokumentation: Ber\u00fccksichtigung im IT-Vertrag und Bewertung im Rechtsstreit - ecambria experts","og_description":"Die Benutzbarkeit (Usability) interaktiver Software durch Laien wird aufgrund der zunehmenden Computerisierung vieler Lebensbereiche immer wichtiger.","og_url":"https:\/\/www.ecambria-experts.de\/it-sachverstaendiger\/publikationen_usability_documentation","og_site_name":"ecambria experts","article_modified_time":"2021-04-09T13:13:48+00:00","twitter_card":"summary_large_image","twitter_misc":{"Gesch\u00e4tzte Lesezeit":"1\u00a0Minute"},"schema":{"@context":"https:\/\/schema.org","@graph":[{"@type":"WebPage","@id":"https:\/\/www.ecambria-experts.de\/it-sachverstaendiger\/publikationen_usability_documentation","url":"https:\/\/www.ecambria-experts.de\/it-sachverstaendiger\/publikationen_usability_documentation","name":"Software Usability - Ver\u00e4nderte Anspr\u00fcche an Programm und Dokumentation: Ber\u00fccksichtigung im IT-Vertrag und Bewertung im Rechtsstreit - ecambria experts","isPartOf":{"@id":"https:\/\/www.ecambria-experts.de\/it-sachverstaendiger\/#website"},"datePublished":"2014-12-22T10:19:35+00:00","dateModified":"2021-04-09T13:13:48+00:00","description":"Die Benutzbarkeit (Usability) interaktiver Software durch Laien wird aufgrund der zunehmenden Computerisierung vieler Lebensbereiche immer wichtiger.","breadcrumb":{"@id":"https:\/\/www.ecambria-experts.de\/it-sachverstaendiger\/publikationen_usability_documentation#breadcrumb"},"inLanguage":"de","potentialAction":[{"@type":"ReadAction","target":["https:\/\/www.ecambria-experts.de\/it-sachverstaendiger\/publikationen_usability_documentation"]}]},{"@type":"BreadcrumbList","@id":"https:\/\/www.ecambria-experts.de\/it-sachverstaendiger\/publikationen_usability_documentation#breadcrumb","itemListElement":[{"@type":"ListItem","position":1,"name":"Startseite","item":"https:\/\/www.ecambria-experts.de\/it-sachverstaendiger\/"},{"@type":"ListItem","position":2,"name":"Software Usability &#8211; Ver\u00e4nderte Anspr\u00fcche an Programm und Dokumentation: Ber\u00fccksichtigung im IT-Vertrag und Bewertung im Rechtsstreit"}]},{"@type":"WebSite","@id":"https:\/\/www.ecambria-experts.de\/it-sachverstaendiger\/#website","url":"https:\/\/www.ecambria-experts.de\/it-sachverstaendiger\/","name":"ecambria experts","description":"IT-Sachverst\u00e4ndige und Gutachter, Bewertung, Gerichtsgutachten, Privatgutachten, Schlichtung","publisher":{"@id":"https:\/\/www.ecambria-experts.de\/it-sachverstaendiger\/#organization"},"potentialAction":[{"@type":"SearchAction","target":{"@type":"EntryPoint","urlTemplate":"https:\/\/www.ecambria-experts.de\/it-sachverstaendiger\/?s={search_term_string}"},"query-input":{"@type":"PropertyValueSpecification","valueRequired":true,"valueName":"search_term_string"}}],"inLanguage":"de"},{"@type":"Organization","@id":"https:\/\/www.ecambria-experts.de\/it-sachverstaendiger\/#organization","name":"ecambria experts","url":"https:\/\/www.ecambria-experts.de\/it-sachverstaendiger\/","logo":{"@type":"ImageObject","inLanguage":"de","@id":"https:\/\/www.ecambria-experts.de\/it-sachverstaendiger\/#\/schema\/logo\/image\/","url":"https:\/\/www.ecambria-experts.de\/it-sachverstaendiger\/wp-content\/uploads\/2025\/09\/ecambria_experts_logo_ohne_rand.svg","contentUrl":"https:\/\/www.ecambria-experts.de\/it-sachverstaendiger\/wp-content\/uploads\/2025\/09\/ecambria_experts_logo_ohne_rand.svg","width":369,"height":60,"caption":"ecambria experts"},"image":{"@id":"https:\/\/www.ecambria-experts.de\/it-sachverstaendiger\/#\/schema\/logo\/image\/"}}]}},"_links":{"self":[{"href":"https:\/\/www.ecambria-experts.de\/it-sachverstaendiger\/wp-json\/wp\/v2\/pages\/186","targetHints":{"allow":["GET"]}}],"collection":[{"href":"https:\/\/www.ecambria-experts.de\/it-sachverstaendiger\/wp-json\/wp\/v2\/pages"}],"about":[{"href":"https:\/\/www.ecambria-experts.de\/it-sachverstaendiger\/wp-json\/wp\/v2\/types\/page"}],"author":[{"embeddable":true,"href":"https:\/\/www.ecambria-experts.de\/it-sachverstaendiger\/wp-json\/wp\/v2\/users\/1"}],"replies":[{"embeddable":true,"href":"https:\/\/www.ecambria-experts.de\/it-sachverstaendiger\/wp-json\/wp\/v2\/comments?post=186"}],"version-history":[{"count":4,"href":"https:\/\/www.ecambria-experts.de\/it-sachverstaendiger\/wp-json\/wp\/v2\/pages\/186\/revisions"}],"predecessor-version":[{"id":815,"href":"https:\/\/www.ecambria-experts.de\/it-sachverstaendiger\/wp-json\/wp\/v2\/pages\/186\/revisions\/815"}],"wp:attachment":[{"href":"https:\/\/www.ecambria-experts.de\/it-sachverstaendiger\/wp-json\/wp\/v2\/media?parent=186"}],"curies":[{"name":"wp","href":"https:\/\/api.w.org\/{rel}","templated":true}]}}