{"id":212,"date":"2014-12-22T12:33:06","date_gmt":"2014-12-22T10:33:06","guid":{"rendered":"http:\/\/www.the-only-thing-constant.com\/it-sachverstaendiger\/?page_id=212"},"modified":"2017-05-15T13:42:35","modified_gmt":"2017-05-15T12:42:35","slug":"publikationen_grundlagen_der_datenauswertung","status":"publish","type":"page","link":"https:\/\/www.ecambria-experts.de\/it-sachverstaendiger\/publikationen_grundlagen_der_datenauswertung","title":{"rendered":"Grundlagen der Datenauswertung, Recht der Daten und Datenbanken im Unternehmen"},"content":{"rendered":"<p class=\"main-text\"><em>Stiemerling, Oliver: <\/em><strong>Grundlagen der Datenauswertung, Recht der Daten und Datenbanken im Unternehmen<\/strong><em>, <\/em>Conrad\/Gr\u00fctzmacher (Hrsg.), Verlag Dr. Otto Schmidt, Seiten 62-70<\/p>\n<p class=\"main-title\"><strong>Abstrakt<\/strong><\/p>\n<p>Speichern ist Silber, Auswerten ist Gold. Dieser Beitrag gibt dem Leser einen \u00dcberblick, \u00fcber die aktuellsten und am weitesten verbreiten Techniken zur Datenauswertung: Relationale Datenbanken und ihre Abfragem\u00f6glichkeiten.<\/p>\n<p>Der vollst\u00e4ndige Beitrag ist erh\u00e4ltlich beim <a href=\"http:\/\/www.otto-schmidt.de\/\">Verlag Dr. Otto Schmidt<\/a> in K\u00f6ln.<\/p>\n","protected":false},"excerpt":{"rendered":"<p>Stiemerling, Oliver: Grundlagen der Datenauswertung, Recht der Daten und Datenbanken im Unternehmen, Conrad\/Gr\u00fctzmacher (Hrsg.), Verlag Dr. Otto Schmidt, Seiten 62-70 Abstrakt Speichern ist Silber, Auswerten ist Gold. Dieser Beitrag gibt dem Leser einen \u00dcberblick, \u00fcber die aktuellsten und am weitesten verbreiten Techniken zur Datenauswertung: Relationale Datenbanken und ihre Abfragem\u00f6glichkeiten. Der&#8230;<\/p>\n","protected":false},"author":1,"featured_media":0,"parent":0,"menu_order":0,"comment_status":"closed","ping_status":"closed","template":"page-templates\/full-width.php","meta":{"inline_featured_image":false,"footnotes":""},"class_list":["post-212","page","type-page","status-publish","hentry"],"yoast_head":"<!-- This site is optimized with the Yoast SEO plugin v25.4 - https:\/\/yoast.com\/wordpress\/plugins\/seo\/ -->\n<title>Grundlagen der Datenauswertung, Recht der Daten und Datenbanken<\/title>\n<meta name=\"description\" content=\"Der Beitrag gibt einen \u00dcberblick, \u00fcber aktuelle und verbreitete Techniken zur Datenauswertung: Relationale Datenbanken und ihre Abfragem\u00f6glichkeiten.\" \/>\n<meta name=\"robots\" content=\"index, follow, max-snippet:-1, max-image-preview:large, max-video-preview:-1\" \/>\n<link rel=\"canonical\" href=\"https:\/\/www.ecambria-experts.de\/it-sachverstaendiger\/publikationen_grundlagen_der_datenauswertung\" \/>\n<meta property=\"og:locale\" content=\"de_DE\" \/>\n<meta property=\"og:type\" content=\"article\" \/>\n<meta property=\"og:title\" content=\"Grundlagen der Datenauswertung, Recht der Daten und Datenbanken\" \/>\n<meta property=\"og:description\" content=\"Der Beitrag gibt einen \u00dcberblick, \u00fcber aktuelle und verbreitete Techniken zur Datenauswertung: Relationale Datenbanken und ihre Abfragem\u00f6glichkeiten.\" \/>\n<meta property=\"og:url\" content=\"https:\/\/www.ecambria-experts.de\/it-sachverstaendiger\/publikationen_grundlagen_der_datenauswertung\" \/>\n<meta property=\"og:site_name\" content=\"ecambria experts\" \/>\n<meta property=\"article:modified_time\" content=\"2017-05-15T12:42:35+00:00\" \/>\n<meta name=\"twitter:card\" content=\"summary_large_image\" \/>\n<script type=\"application\/ld+json\" class=\"yoast-schema-graph\">{\"@context\":\"https:\/\/schema.org\",\"@graph\":[{\"@type\":\"WebPage\",\"@id\":\"https:\/\/www.ecambria-experts.de\/it-sachverstaendiger\/publikationen_grundlagen_der_datenauswertung\",\"url\":\"https:\/\/www.ecambria-experts.de\/it-sachverstaendiger\/publikationen_grundlagen_der_datenauswertung\",\"name\":\"Grundlagen der Datenauswertung, Recht der Daten und Datenbanken\",\"isPartOf\":{\"@id\":\"https:\/\/www.ecambria-experts.de\/it-sachverstaendiger\/#website\"},\"datePublished\":\"2014-12-22T10:33:06+00:00\",\"dateModified\":\"2017-05-15T12:42:35+00:00\",\"description\":\"Der Beitrag gibt einen \u00dcberblick, \u00fcber aktuelle und verbreitete Techniken zur Datenauswertung: Relationale Datenbanken und ihre Abfragem\u00f6glichkeiten.\",\"breadcrumb\":{\"@id\":\"https:\/\/www.ecambria-experts.de\/it-sachverstaendiger\/publikationen_grundlagen_der_datenauswertung#breadcrumb\"},\"inLanguage\":\"de\",\"potentialAction\":[{\"@type\":\"ReadAction\",\"target\":[\"https:\/\/www.ecambria-experts.de\/it-sachverstaendiger\/publikationen_grundlagen_der_datenauswertung\"]}]},{\"@type\":\"BreadcrumbList\",\"@id\":\"https:\/\/www.ecambria-experts.de\/it-sachverstaendiger\/publikationen_grundlagen_der_datenauswertung#breadcrumb\",\"itemListElement\":[{\"@type\":\"ListItem\",\"position\":1,\"name\":\"Startseite\",\"item\":\"https:\/\/www.ecambria-experts.de\/it-sachverstaendiger\/\"},{\"@type\":\"ListItem\",\"position\":2,\"name\":\"Grundlagen der Datenauswertung, Recht der Daten und Datenbanken im Unternehmen\"}]},{\"@type\":\"WebSite\",\"@id\":\"https:\/\/www.ecambria-experts.de\/it-sachverstaendiger\/#website\",\"url\":\"https:\/\/www.ecambria-experts.de\/it-sachverstaendiger\/\",\"name\":\"ecambria experts\",\"description\":\"IT-Sachverst\u00e4ndige und Gutachter, Bewertung, Gerichtsgutachten, Privatgutachten, Schlichtung\",\"publisher\":{\"@id\":\"https:\/\/www.ecambria-experts.de\/it-sachverstaendiger\/#organization\"},\"potentialAction\":[{\"@type\":\"SearchAction\",\"target\":{\"@type\":\"EntryPoint\",\"urlTemplate\":\"https:\/\/www.ecambria-experts.de\/it-sachverstaendiger\/?s={search_term_string}\"},\"query-input\":{\"@type\":\"PropertyValueSpecification\",\"valueRequired\":true,\"valueName\":\"search_term_string\"}}],\"inLanguage\":\"de\"},{\"@type\":\"Organization\",\"@id\":\"https:\/\/www.ecambria-experts.de\/it-sachverstaendiger\/#organization\",\"name\":\"ecambria experts\",\"url\":\"https:\/\/www.ecambria-experts.de\/it-sachverstaendiger\/\",\"logo\":{\"@type\":\"ImageObject\",\"inLanguage\":\"de\",\"@id\":\"https:\/\/www.ecambria-experts.de\/it-sachverstaendiger\/#\/schema\/logo\/image\/\",\"url\":\"https:\/\/www.ecambria-experts.de\/it-sachverstaendiger\/wp-content\/uploads\/2025\/09\/ecambria_experts_logo_ohne_rand.svg\",\"contentUrl\":\"https:\/\/www.ecambria-experts.de\/it-sachverstaendiger\/wp-content\/uploads\/2025\/09\/ecambria_experts_logo_ohne_rand.svg\",\"width\":369,\"height\":60,\"caption\":\"ecambria experts\"},\"image\":{\"@id\":\"https:\/\/www.ecambria-experts.de\/it-sachverstaendiger\/#\/schema\/logo\/image\/\"}}]}<\/script>\n<!-- \/ Yoast SEO plugin. -->","yoast_head_json":{"title":"Grundlagen der Datenauswertung, Recht der Daten und Datenbanken","description":"Der Beitrag gibt einen \u00dcberblick, \u00fcber aktuelle und verbreitete Techniken zur Datenauswertung: Relationale Datenbanken und ihre Abfragem\u00f6glichkeiten.","robots":{"index":"index","follow":"follow","max-snippet":"max-snippet:-1","max-image-preview":"max-image-preview:large","max-video-preview":"max-video-preview:-1"},"canonical":"https:\/\/www.ecambria-experts.de\/it-sachverstaendiger\/publikationen_grundlagen_der_datenauswertung","og_locale":"de_DE","og_type":"article","og_title":"Grundlagen der Datenauswertung, Recht der Daten und Datenbanken","og_description":"Der Beitrag gibt einen \u00dcberblick, \u00fcber aktuelle und verbreitete Techniken zur Datenauswertung: Relationale Datenbanken und ihre Abfragem\u00f6glichkeiten.","og_url":"https:\/\/www.ecambria-experts.de\/it-sachverstaendiger\/publikationen_grundlagen_der_datenauswertung","og_site_name":"ecambria experts","article_modified_time":"2017-05-15T12:42:35+00:00","twitter_card":"summary_large_image","schema":{"@context":"https:\/\/schema.org","@graph":[{"@type":"WebPage","@id":"https:\/\/www.ecambria-experts.de\/it-sachverstaendiger\/publikationen_grundlagen_der_datenauswertung","url":"https:\/\/www.ecambria-experts.de\/it-sachverstaendiger\/publikationen_grundlagen_der_datenauswertung","name":"Grundlagen der Datenauswertung, Recht der Daten und Datenbanken","isPartOf":{"@id":"https:\/\/www.ecambria-experts.de\/it-sachverstaendiger\/#website"},"datePublished":"2014-12-22T10:33:06+00:00","dateModified":"2017-05-15T12:42:35+00:00","description":"Der Beitrag gibt einen \u00dcberblick, \u00fcber aktuelle und verbreitete Techniken zur Datenauswertung: Relationale Datenbanken und ihre Abfragem\u00f6glichkeiten.","breadcrumb":{"@id":"https:\/\/www.ecambria-experts.de\/it-sachverstaendiger\/publikationen_grundlagen_der_datenauswertung#breadcrumb"},"inLanguage":"de","potentialAction":[{"@type":"ReadAction","target":["https:\/\/www.ecambria-experts.de\/it-sachverstaendiger\/publikationen_grundlagen_der_datenauswertung"]}]},{"@type":"BreadcrumbList","@id":"https:\/\/www.ecambria-experts.de\/it-sachverstaendiger\/publikationen_grundlagen_der_datenauswertung#breadcrumb","itemListElement":[{"@type":"ListItem","position":1,"name":"Startseite","item":"https:\/\/www.ecambria-experts.de\/it-sachverstaendiger\/"},{"@type":"ListItem","position":2,"name":"Grundlagen der Datenauswertung, Recht der Daten und Datenbanken im Unternehmen"}]},{"@type":"WebSite","@id":"https:\/\/www.ecambria-experts.de\/it-sachverstaendiger\/#website","url":"https:\/\/www.ecambria-experts.de\/it-sachverstaendiger\/","name":"ecambria experts","description":"IT-Sachverst\u00e4ndige und Gutachter, Bewertung, Gerichtsgutachten, Privatgutachten, Schlichtung","publisher":{"@id":"https:\/\/www.ecambria-experts.de\/it-sachverstaendiger\/#organization"},"potentialAction":[{"@type":"SearchAction","target":{"@type":"EntryPoint","urlTemplate":"https:\/\/www.ecambria-experts.de\/it-sachverstaendiger\/?s={search_term_string}"},"query-input":{"@type":"PropertyValueSpecification","valueRequired":true,"valueName":"search_term_string"}}],"inLanguage":"de"},{"@type":"Organization","@id":"https:\/\/www.ecambria-experts.de\/it-sachverstaendiger\/#organization","name":"ecambria experts","url":"https:\/\/www.ecambria-experts.de\/it-sachverstaendiger\/","logo":{"@type":"ImageObject","inLanguage":"de","@id":"https:\/\/www.ecambria-experts.de\/it-sachverstaendiger\/#\/schema\/logo\/image\/","url":"https:\/\/www.ecambria-experts.de\/it-sachverstaendiger\/wp-content\/uploads\/2025\/09\/ecambria_experts_logo_ohne_rand.svg","contentUrl":"https:\/\/www.ecambria-experts.de\/it-sachverstaendiger\/wp-content\/uploads\/2025\/09\/ecambria_experts_logo_ohne_rand.svg","width":369,"height":60,"caption":"ecambria experts"},"image":{"@id":"https:\/\/www.ecambria-experts.de\/it-sachverstaendiger\/#\/schema\/logo\/image\/"}}]}},"_links":{"self":[{"href":"https:\/\/www.ecambria-experts.de\/it-sachverstaendiger\/wp-json\/wp\/v2\/pages\/212","targetHints":{"allow":["GET"]}}],"collection":[{"href":"https:\/\/www.ecambria-experts.de\/it-sachverstaendiger\/wp-json\/wp\/v2\/pages"}],"about":[{"href":"https:\/\/www.ecambria-experts.de\/it-sachverstaendiger\/wp-json\/wp\/v2\/types\/page"}],"author":[{"embeddable":true,"href":"https:\/\/www.ecambria-experts.de\/it-sachverstaendiger\/wp-json\/wp\/v2\/users\/1"}],"replies":[{"embeddable":true,"href":"https:\/\/www.ecambria-experts.de\/it-sachverstaendiger\/wp-json\/wp\/v2\/comments?post=212"}],"version-history":[{"count":3,"href":"https:\/\/www.ecambria-experts.de\/it-sachverstaendiger\/wp-json\/wp\/v2\/pages\/212\/revisions"}],"predecessor-version":[{"id":604,"href":"https:\/\/www.ecambria-experts.de\/it-sachverstaendiger\/wp-json\/wp\/v2\/pages\/212\/revisions\/604"}],"wp:attachment":[{"href":"https:\/\/www.ecambria-experts.de\/it-sachverstaendiger\/wp-json\/wp\/v2\/media?parent=212"}],"curies":[{"name":"wp","href":"https:\/\/api.w.org\/{rel}","templated":true}]}}