{"id":39,"date":"2014-12-19T15:39:04","date_gmt":"2014-12-19T13:39:04","guid":{"rendered":"http:\/\/localhost:81\/blog\/?page_id=39"},"modified":"2019-09-04T13:47:31","modified_gmt":"2019-09-04T12:47:31","slug":"leistungen","status":"publish","type":"page","link":"https:\/\/www.ecambria-experts.de\/it-sachverstaendiger\/leistungen","title":{"rendered":"Themen"},"content":{"rendered":"<h1>Themen<\/h1>\n<p class=\"main-text\">Wir unterst\u00fctzen Sie mit unseren Leistungen in typischen Situationen und Aufgabenstellungen bei konfliktbehafteten und komplexen IT-Vorhaben. Insbesondere die Beratung und Begutachtung vor oder w\u00e4hrend eines Rechtsstreits geh\u00f6ren zum Aufgabenspektrum unserer IT-Sachverst\u00e4ndigen und Gutachter. Bei Bedarf erstellen wir zu allen Themen auch Stellungnahmen oder ausf\u00fchrliche Gutachten, die den hohen Anspr\u00fcchen von Gerichten und Versicherungen in Bezug auf Nachvollziehbarkeit, Nachpr\u00fcfbarkeit und Pr\u00e4zision gen\u00fcgen. Oft k\u00f6nnen wir kritische Situationen in der Rolle des neutralen Dritten entsch\u00e4rfen, indem wir ggf. sogar im Auftrag beider Parteien nach einem fairen, nachvollziehbaren Kompromiss oder L\u00f6sungskonzept suchen.<\/p>\n<p>\u00dcblicherweise umfasst unsere T\u00e4tigkeit f\u00fcr Sie eine Kombination der folgenden Leistungsbausteine. F\u00fcr besondere Aufgabenstellungen entwickeln wir eine auf Ihre besondere Fragestellung zugeschnittene Vorgehensweise.<\/p>\n<ul>\n<li><a title=\"Ermittlung der SOLL-Beschaffenheit\" href=\"\/it-sachverstaendiger\/Leistungen_Ermittlung_SOLL-Beschaffenheit\">Ermittlung der SOLL-Beschaffenheit<\/a><\/li>\n<li><a title=\"\u00dcberpr\u00fcfung der IST-Beschaffenheit\" href=\"\/it-sachverstaendiger\/ueberpruefung-der-ist-beschaffenheit\">\u00dcberpr\u00fcfung der IST-Beschaffenheit<\/a><\/li>\n<li><a title=\"Bewertung von Fehlern bei Software und Dokumentation\" href=\"\/it-sachverstaendiger\/Leistungen_Fehlerberwertung_von_Software_und_Dokumentation\">Bewertung von Fehlern bei Software und Dokumentation<\/a><\/li>\n<li><a title=\"Beweissicherung\" href=\"\/it-sachverstaendiger\/Leistungen_Beweissicherung\">Beweissicherung<\/a><\/li>\n<li><a title=\"IT-Projekte\" href=\"https:\/\/www.ecambria-experts.de\/it-sachverstaendiger\/leistungen_planung_und_begleitung_von_it-projekten\">Planung und Begleitung von komplexen IT-Projekten<\/a><\/li>\n<li><a title=\"Spezifikationsdokumente\" href=\"https:\/\/www.ecambria-experts.de\/it-sachverstaendiger\/leistungen_erstellung_und_bewertung_von_spezifikationsdokumenten\">Erstellung und Bewertung von Spezifikationsdokumenten und \u2013vorlagen<\/a><\/li>\n<li><a href=\"https:\/\/www.ecambria-experts.de\/it-sachverstaendiger\/risikoanalyse_und_datenschutzkonzept\">Erstellung von Risikoanalysen und Datenschutzkonzepten<\/a><\/li>\n<li><a title=\"Softwareabnahme\" href=\"https:\/\/www.ecambria-experts.de\/it-sachverstaendiger\/leistungen_abnahme_von_software\">Unterst\u00fctzung bei der Abnahme von Software<\/a><\/li>\n<li><a title=\"Wertermittlung und Aufwandssch\u00e4tzung\" href=\"\/it-sachverstaendiger\/leistungen_wertermittlung_und_aufwandsschaetzung\">Wertermittlung und Aufwandssch\u00e4tzung<\/a><\/li>\n<li><a title=\"Bewertung der Projektdurchf\u00fchrung\" href=\"\/it-sachverstaendiger\/leistungen_bewertung_der_projektdurchfuehrung\">Bewertung der Projektdurchf\u00fchrung<\/a><\/li>\n<li><a title=\"Software-Escrow bei IT-Sachverst\u00e4ndigen\" href=\"\/it-sachverstaendiger\/leistungen_software_escrow_und_hinterlegung\">Software-Escrow- Pr\u00fcfung, Hinterlegung und \u00dcbergabe<\/a><\/li>\n<li><a title=\"Ergonomie\" href=\"https:\/\/www.ecambria-experts.de\/it-sachverstaendiger\/leistungen_bewertung_der_ergonomie\">Bewertung der Ergonomie von Software<\/a><\/li>\n<li><a title=\"Barrierefreiheit\" href=\"https:\/\/www.ecambria-experts.de\/it-sachverstaendiger\/leistungen_bewertung_der_barrierefreiheit\">Bewertung der Barrierefreiheit von Software<\/a><\/li>\n<li><a title=\"Vergleich von Software und Plagiatspr\u00fcfung\" href=\"\/it-sachverstaendiger\/leistungen_plagiatspruefungen_und_softwarevergleich\">Vergleich von Software und Plagiatspr\u00fcfung<\/a><\/li>\n<\/ul>\n","protected":false},"excerpt":{"rendered":"<p>Themen Wir unterst\u00fctzen Sie mit unseren Leistungen in typischen Situationen und Aufgabenstellungen bei konfliktbehafteten und komplexen IT-Vorhaben. Insbesondere die Beratung und Begutachtung vor oder w\u00e4hrend eines Rechtsstreits geh\u00f6ren zum Aufgabenspektrum unserer IT-Sachverst\u00e4ndigen und Gutachter. Bei Bedarf erstellen wir zu allen Themen auch Stellungnahmen oder ausf\u00fchrliche Gutachten, die den hohen Anspr\u00fcchen&#8230;<\/p>\n","protected":false},"author":1,"featured_media":0,"parent":0,"menu_order":0,"comment_status":"closed","ping_status":"closed","template":"","meta":{"inline_featured_image":false,"footnotes":""},"class_list":["post-39","page","type-page","status-publish","hentry"],"yoast_head":"<!-- This site is optimized with the Yoast SEO plugin v25.4 - https:\/\/yoast.com\/wordpress\/plugins\/seo\/ -->\n<title>Themen - ecambria experts<\/title>\n<meta name=\"description\" content=\"IT-Gutachten, Stellungnahmen, Beweissicherung, Ermittlung der IST-\/SOLL-Beschaffenheit, Risikoanalysen, Datenschutzkonzepte, Wertermittlung\" \/>\n<meta name=\"robots\" content=\"index, follow, max-snippet:-1, max-image-preview:large, max-video-preview:-1\" \/>\n<link rel=\"canonical\" href=\"https:\/\/www.ecambria-experts.de\/it-sachverstaendiger\/leistungen\" \/>\n<meta property=\"og:locale\" content=\"de_DE\" \/>\n<meta property=\"og:type\" content=\"article\" \/>\n<meta property=\"og:title\" content=\"Themen - ecambria experts\" \/>\n<meta property=\"og:description\" content=\"IT-Gutachten, Stellungnahmen, Beweissicherung, Ermittlung der IST-\/SOLL-Beschaffenheit, Risikoanalysen, Datenschutzkonzepte, Wertermittlung\" \/>\n<meta property=\"og:url\" content=\"https:\/\/www.ecambria-experts.de\/it-sachverstaendiger\/leistungen\" \/>\n<meta property=\"og:site_name\" content=\"ecambria experts\" \/>\n<meta property=\"article:modified_time\" content=\"2019-09-04T12:47:31+00:00\" \/>\n<meta name=\"twitter:card\" content=\"summary_large_image\" \/>\n<meta name=\"twitter:label1\" content=\"Gesch\u00e4tzte Lesezeit\" \/>\n\t<meta name=\"twitter:data1\" content=\"1\u00a0Minute\" \/>\n<script type=\"application\/ld+json\" class=\"yoast-schema-graph\">{\"@context\":\"https:\/\/schema.org\",\"@graph\":[{\"@type\":\"WebPage\",\"@id\":\"https:\/\/www.ecambria-experts.de\/it-sachverstaendiger\/leistungen\",\"url\":\"https:\/\/www.ecambria-experts.de\/it-sachverstaendiger\/leistungen\",\"name\":\"Themen - ecambria experts\",\"isPartOf\":{\"@id\":\"https:\/\/www.ecambria-experts.de\/it-sachverstaendiger\/#website\"},\"datePublished\":\"2014-12-19T13:39:04+00:00\",\"dateModified\":\"2019-09-04T12:47:31+00:00\",\"description\":\"IT-Gutachten, Stellungnahmen, Beweissicherung, Ermittlung der IST-\/SOLL-Beschaffenheit, Risikoanalysen, Datenschutzkonzepte, Wertermittlung\",\"breadcrumb\":{\"@id\":\"https:\/\/www.ecambria-experts.de\/it-sachverstaendiger\/leistungen#breadcrumb\"},\"inLanguage\":\"de\",\"potentialAction\":[{\"@type\":\"ReadAction\",\"target\":[\"https:\/\/www.ecambria-experts.de\/it-sachverstaendiger\/leistungen\"]}]},{\"@type\":\"BreadcrumbList\",\"@id\":\"https:\/\/www.ecambria-experts.de\/it-sachverstaendiger\/leistungen#breadcrumb\",\"itemListElement\":[{\"@type\":\"ListItem\",\"position\":1,\"name\":\"Startseite\",\"item\":\"https:\/\/www.ecambria-experts.de\/it-sachverstaendiger\/\"},{\"@type\":\"ListItem\",\"position\":2,\"name\":\"Themen\"}]},{\"@type\":\"WebSite\",\"@id\":\"https:\/\/www.ecambria-experts.de\/it-sachverstaendiger\/#website\",\"url\":\"https:\/\/www.ecambria-experts.de\/it-sachverstaendiger\/\",\"name\":\"ecambria experts\",\"description\":\"IT-Sachverst\u00e4ndige und Gutachter, Bewertung, Gerichtsgutachten, Privatgutachten, Schlichtung\",\"publisher\":{\"@id\":\"https:\/\/www.ecambria-experts.de\/it-sachverstaendiger\/#organization\"},\"potentialAction\":[{\"@type\":\"SearchAction\",\"target\":{\"@type\":\"EntryPoint\",\"urlTemplate\":\"https:\/\/www.ecambria-experts.de\/it-sachverstaendiger\/?s={search_term_string}\"},\"query-input\":{\"@type\":\"PropertyValueSpecification\",\"valueRequired\":true,\"valueName\":\"search_term_string\"}}],\"inLanguage\":\"de\"},{\"@type\":\"Organization\",\"@id\":\"https:\/\/www.ecambria-experts.de\/it-sachverstaendiger\/#organization\",\"name\":\"ecambria experts\",\"url\":\"https:\/\/www.ecambria-experts.de\/it-sachverstaendiger\/\",\"logo\":{\"@type\":\"ImageObject\",\"inLanguage\":\"de\",\"@id\":\"https:\/\/www.ecambria-experts.de\/it-sachverstaendiger\/#\/schema\/logo\/image\/\",\"url\":\"https:\/\/www.ecambria-experts.de\/it-sachverstaendiger\/wp-content\/uploads\/2025\/09\/ecambria_experts_logo_ohne_rand.svg\",\"contentUrl\":\"https:\/\/www.ecambria-experts.de\/it-sachverstaendiger\/wp-content\/uploads\/2025\/09\/ecambria_experts_logo_ohne_rand.svg\",\"width\":369,\"height\":60,\"caption\":\"ecambria experts\"},\"image\":{\"@id\":\"https:\/\/www.ecambria-experts.de\/it-sachverstaendiger\/#\/schema\/logo\/image\/\"}}]}<\/script>\n<!-- \/ Yoast SEO plugin. -->","yoast_head_json":{"title":"Themen - ecambria experts","description":"IT-Gutachten, Stellungnahmen, Beweissicherung, Ermittlung der IST-\/SOLL-Beschaffenheit, Risikoanalysen, Datenschutzkonzepte, Wertermittlung","robots":{"index":"index","follow":"follow","max-snippet":"max-snippet:-1","max-image-preview":"max-image-preview:large","max-video-preview":"max-video-preview:-1"},"canonical":"https:\/\/www.ecambria-experts.de\/it-sachverstaendiger\/leistungen","og_locale":"de_DE","og_type":"article","og_title":"Themen - ecambria experts","og_description":"IT-Gutachten, Stellungnahmen, Beweissicherung, Ermittlung der IST-\/SOLL-Beschaffenheit, Risikoanalysen, Datenschutzkonzepte, Wertermittlung","og_url":"https:\/\/www.ecambria-experts.de\/it-sachverstaendiger\/leistungen","og_site_name":"ecambria experts","article_modified_time":"2019-09-04T12:47:31+00:00","twitter_card":"summary_large_image","twitter_misc":{"Gesch\u00e4tzte Lesezeit":"1\u00a0Minute"},"schema":{"@context":"https:\/\/schema.org","@graph":[{"@type":"WebPage","@id":"https:\/\/www.ecambria-experts.de\/it-sachverstaendiger\/leistungen","url":"https:\/\/www.ecambria-experts.de\/it-sachverstaendiger\/leistungen","name":"Themen - ecambria experts","isPartOf":{"@id":"https:\/\/www.ecambria-experts.de\/it-sachverstaendiger\/#website"},"datePublished":"2014-12-19T13:39:04+00:00","dateModified":"2019-09-04T12:47:31+00:00","description":"IT-Gutachten, Stellungnahmen, Beweissicherung, Ermittlung der IST-\/SOLL-Beschaffenheit, Risikoanalysen, Datenschutzkonzepte, Wertermittlung","breadcrumb":{"@id":"https:\/\/www.ecambria-experts.de\/it-sachverstaendiger\/leistungen#breadcrumb"},"inLanguage":"de","potentialAction":[{"@type":"ReadAction","target":["https:\/\/www.ecambria-experts.de\/it-sachverstaendiger\/leistungen"]}]},{"@type":"BreadcrumbList","@id":"https:\/\/www.ecambria-experts.de\/it-sachverstaendiger\/leistungen#breadcrumb","itemListElement":[{"@type":"ListItem","position":1,"name":"Startseite","item":"https:\/\/www.ecambria-experts.de\/it-sachverstaendiger\/"},{"@type":"ListItem","position":2,"name":"Themen"}]},{"@type":"WebSite","@id":"https:\/\/www.ecambria-experts.de\/it-sachverstaendiger\/#website","url":"https:\/\/www.ecambria-experts.de\/it-sachverstaendiger\/","name":"ecambria experts","description":"IT-Sachverst\u00e4ndige und Gutachter, Bewertung, Gerichtsgutachten, Privatgutachten, Schlichtung","publisher":{"@id":"https:\/\/www.ecambria-experts.de\/it-sachverstaendiger\/#organization"},"potentialAction":[{"@type":"SearchAction","target":{"@type":"EntryPoint","urlTemplate":"https:\/\/www.ecambria-experts.de\/it-sachverstaendiger\/?s={search_term_string}"},"query-input":{"@type":"PropertyValueSpecification","valueRequired":true,"valueName":"search_term_string"}}],"inLanguage":"de"},{"@type":"Organization","@id":"https:\/\/www.ecambria-experts.de\/it-sachverstaendiger\/#organization","name":"ecambria experts","url":"https:\/\/www.ecambria-experts.de\/it-sachverstaendiger\/","logo":{"@type":"ImageObject","inLanguage":"de","@id":"https:\/\/www.ecambria-experts.de\/it-sachverstaendiger\/#\/schema\/logo\/image\/","url":"https:\/\/www.ecambria-experts.de\/it-sachverstaendiger\/wp-content\/uploads\/2025\/09\/ecambria_experts_logo_ohne_rand.svg","contentUrl":"https:\/\/www.ecambria-experts.de\/it-sachverstaendiger\/wp-content\/uploads\/2025\/09\/ecambria_experts_logo_ohne_rand.svg","width":369,"height":60,"caption":"ecambria experts"},"image":{"@id":"https:\/\/www.ecambria-experts.de\/it-sachverstaendiger\/#\/schema\/logo\/image\/"}}]}},"_links":{"self":[{"href":"https:\/\/www.ecambria-experts.de\/it-sachverstaendiger\/wp-json\/wp\/v2\/pages\/39","targetHints":{"allow":["GET"]}}],"collection":[{"href":"https:\/\/www.ecambria-experts.de\/it-sachverstaendiger\/wp-json\/wp\/v2\/pages"}],"about":[{"href":"https:\/\/www.ecambria-experts.de\/it-sachverstaendiger\/wp-json\/wp\/v2\/types\/page"}],"author":[{"embeddable":true,"href":"https:\/\/www.ecambria-experts.de\/it-sachverstaendiger\/wp-json\/wp\/v2\/users\/1"}],"replies":[{"embeddable":true,"href":"https:\/\/www.ecambria-experts.de\/it-sachverstaendiger\/wp-json\/wp\/v2\/comments?post=39"}],"version-history":[{"count":16,"href":"https:\/\/www.ecambria-experts.de\/it-sachverstaendiger\/wp-json\/wp\/v2\/pages\/39\/revisions"}],"predecessor-version":[{"id":1338,"href":"https:\/\/www.ecambria-experts.de\/it-sachverstaendiger\/wp-json\/wp\/v2\/pages\/39\/revisions\/1338"}],"wp:attachment":[{"href":"https:\/\/www.ecambria-experts.de\/it-sachverstaendiger\/wp-json\/wp\/v2\/media?parent=39"}],"curies":[{"name":"wp","href":"https:\/\/api.w.org\/{rel}","templated":true}]}}