{"id":41,"date":"2014-12-19T15:41:36","date_gmt":"2014-12-19T13:41:36","guid":{"rendered":"http:\/\/localhost:81\/blog\/?page_id=41"},"modified":"2019-09-04T13:57:33","modified_gmt":"2019-09-04T12:57:33","slug":"leistungen_fuer_gerichte","status":"publish","type":"page","link":"https:\/\/www.ecambria-experts.de\/it-sachverstaendiger\/leistungen_fuer_gerichte","title":{"rendered":"Im \u00f6ffentlichen Auftrag: Neutrale Gutachter f\u00fcr Gerichte"},"content":{"rendered":"<h1>Im \u00f6ffentlichen Auftrag: Neutrale Gutachter f\u00fcr Gerichte<\/h1>\n<p class=\"main-text\">Gerichte werden zunehmend mit Streitf\u00e4llen konfrontiert, in denen Software, Computer oder auch Netzwerke wie das Internet eine zentrale Rolle spielen. Programmierfehler, zu langsam laufende Software, nicht erf\u00fcllte Anforderungen bei IT-Projekten, zu hohe Kosten und viele \u00e4hnliche Sachverhalte werden zum Gegenstand gerichtlicher Auseinandersetzungen. Durch treffende Gutachten haben die IT-Sachverst\u00e4ndigen der ecambria experts bereits in zahlreichen Prozessen das Gericht dabei unterst\u00fctzt, die entscheidenden technischen Sachverhalte umfassend nachzuvollziehen und fundierte Entscheidungen zu treffen. Wir verstehen uns als Dienstleister des Gerichts und kennen die formalen Rahmenbedingungen und Regeln f\u00fcr ein sinnvoll verwertbares Gutachten.<\/p>\n<p class=\"main-text\">Unser Leistungsspektrum umfasst:<\/p>\n<ul>\n<li>Gutachten zu gerichtlichen Beweisfragen \u2013 beispielsweise zum Scheitern eines ERP- oder Internet-Projekts<\/li>\n<li>Beratung des Gerichts bei der Erstellung von Beweisbeschl\u00fcssen<\/li>\n<li>Erl\u00e4uterung technischer Sachverhalte in Verhandlungsterminen<\/li>\n<li>Durchf\u00fchrung von Ortsterminen<\/li>\n<li>Bewertung der Schwere von Fehlern aus technischer Sicht<\/li>\n<li>Wirtschaftliche Bewertung der Angemessenheit von Aufw\u00e4nden.<\/li>\n<\/ul>\n<p class=\"main-text\">Der Gesch\u00e4ftsf\u00fchrer der ecambria, <a title=\"Dr. Oliver Stiemerling\" href=\"\/it-sachverstaendiger\/sv-stiemerling\"><b>Dr. Oliver Stiemerling<\/b><\/a>, ist von der IHK K\u00f6ln \u00f6ffentlich bestellter und vereidigter Sachverst\u00e4ndiger, erstellt Gerichtsgutachten und ber\u00e4t Gerichte im Vorfeld von Beweisbeschl\u00fcssen.<\/p>\n","protected":false},"excerpt":{"rendered":"<p>Im \u00f6ffentlichen Auftrag: Neutrale Gutachter f\u00fcr Gerichte Gerichte werden zunehmend mit Streitf\u00e4llen konfrontiert, in denen Software, Computer oder auch Netzwerke wie das Internet eine zentrale Rolle spielen. Programmierfehler, zu langsam laufende Software, nicht erf\u00fcllte Anforderungen bei IT-Projekten, zu hohe Kosten und viele \u00e4hnliche Sachverhalte werden zum Gegenstand gerichtlicher Auseinandersetzungen. Durch&#8230;<\/p>\n","protected":false},"author":1,"featured_media":0,"parent":0,"menu_order":0,"comment_status":"closed","ping_status":"closed","template":"","meta":{"inline_featured_image":false,"footnotes":""},"class_list":["post-41","page","type-page","status-publish","hentry"],"yoast_head":"<!-- This site is optimized with the Yoast SEO plugin v25.4 - https:\/\/yoast.com\/wordpress\/plugins\/seo\/ -->\n<title>Im \u00f6ffentlichen Auftrag: Neutrale Gutachter f\u00fcr Gerichte - ecambria experts<\/title>\n<meta name=\"robots\" content=\"index, follow, max-snippet:-1, max-image-preview:large, max-video-preview:-1\" \/>\n<link rel=\"canonical\" href=\"https:\/\/www.ecambria-experts.de\/it-sachverstaendiger\/leistungen_fuer_gerichte\" \/>\n<meta property=\"og:locale\" content=\"de_DE\" \/>\n<meta property=\"og:type\" content=\"article\" \/>\n<meta property=\"og:title\" content=\"Im \u00f6ffentlichen Auftrag: Neutrale Gutachter f\u00fcr Gerichte - ecambria experts\" \/>\n<meta property=\"og:description\" content=\"Im \u00f6ffentlichen Auftrag: Neutrale Gutachter f\u00fcr Gerichte Gerichte werden zunehmend mit Streitf\u00e4llen konfrontiert, in denen Software, Computer oder auch Netzwerke wie das Internet eine zentrale Rolle spielen. Programmierfehler, zu langsam laufende Software, nicht erf\u00fcllte Anforderungen bei IT-Projekten, zu hohe Kosten und viele \u00e4hnliche Sachverhalte werden zum Gegenstand gerichtlicher Auseinandersetzungen. Durch...\" \/>\n<meta property=\"og:url\" content=\"https:\/\/www.ecambria-experts.de\/it-sachverstaendiger\/leistungen_fuer_gerichte\" \/>\n<meta property=\"og:site_name\" content=\"ecambria experts\" \/>\n<meta property=\"article:modified_time\" content=\"2019-09-04T12:57:33+00:00\" \/>\n<meta name=\"twitter:card\" content=\"summary_large_image\" \/>\n<meta name=\"twitter:label1\" content=\"Gesch\u00e4tzte Lesezeit\" \/>\n\t<meta name=\"twitter:data1\" content=\"1\u00a0Minute\" \/>\n<script type=\"application\/ld+json\" class=\"yoast-schema-graph\">{\"@context\":\"https:\/\/schema.org\",\"@graph\":[{\"@type\":\"WebPage\",\"@id\":\"https:\/\/www.ecambria-experts.de\/it-sachverstaendiger\/leistungen_fuer_gerichte\",\"url\":\"https:\/\/www.ecambria-experts.de\/it-sachverstaendiger\/leistungen_fuer_gerichte\",\"name\":\"Im \u00f6ffentlichen Auftrag: Neutrale Gutachter f\u00fcr Gerichte - ecambria experts\",\"isPartOf\":{\"@id\":\"https:\/\/www.ecambria-experts.de\/it-sachverstaendiger\/#website\"},\"datePublished\":\"2014-12-19T13:41:36+00:00\",\"dateModified\":\"2019-09-04T12:57:33+00:00\",\"breadcrumb\":{\"@id\":\"https:\/\/www.ecambria-experts.de\/it-sachverstaendiger\/leistungen_fuer_gerichte#breadcrumb\"},\"inLanguage\":\"de\",\"potentialAction\":[{\"@type\":\"ReadAction\",\"target\":[\"https:\/\/www.ecambria-experts.de\/it-sachverstaendiger\/leistungen_fuer_gerichte\"]}]},{\"@type\":\"BreadcrumbList\",\"@id\":\"https:\/\/www.ecambria-experts.de\/it-sachverstaendiger\/leistungen_fuer_gerichte#breadcrumb\",\"itemListElement\":[{\"@type\":\"ListItem\",\"position\":1,\"name\":\"Startseite\",\"item\":\"https:\/\/www.ecambria-experts.de\/it-sachverstaendiger\/\"},{\"@type\":\"ListItem\",\"position\":2,\"name\":\"Im \u00f6ffentlichen Auftrag: Neutrale Gutachter f\u00fcr Gerichte\"}]},{\"@type\":\"WebSite\",\"@id\":\"https:\/\/www.ecambria-experts.de\/it-sachverstaendiger\/#website\",\"url\":\"https:\/\/www.ecambria-experts.de\/it-sachverstaendiger\/\",\"name\":\"ecambria experts\",\"description\":\"IT-Sachverst\u00e4ndige und Gutachter, Bewertung, Gerichtsgutachten, Privatgutachten, Schlichtung\",\"publisher\":{\"@id\":\"https:\/\/www.ecambria-experts.de\/it-sachverstaendiger\/#organization\"},\"potentialAction\":[{\"@type\":\"SearchAction\",\"target\":{\"@type\":\"EntryPoint\",\"urlTemplate\":\"https:\/\/www.ecambria-experts.de\/it-sachverstaendiger\/?s={search_term_string}\"},\"query-input\":{\"@type\":\"PropertyValueSpecification\",\"valueRequired\":true,\"valueName\":\"search_term_string\"}}],\"inLanguage\":\"de\"},{\"@type\":\"Organization\",\"@id\":\"https:\/\/www.ecambria-experts.de\/it-sachverstaendiger\/#organization\",\"name\":\"ecambria experts\",\"url\":\"https:\/\/www.ecambria-experts.de\/it-sachverstaendiger\/\",\"logo\":{\"@type\":\"ImageObject\",\"inLanguage\":\"de\",\"@id\":\"https:\/\/www.ecambria-experts.de\/it-sachverstaendiger\/#\/schema\/logo\/image\/\",\"url\":\"https:\/\/www.ecambria-experts.de\/it-sachverstaendiger\/wp-content\/uploads\/2025\/09\/ecambria_experts_logo_ohne_rand.svg\",\"contentUrl\":\"https:\/\/www.ecambria-experts.de\/it-sachverstaendiger\/wp-content\/uploads\/2025\/09\/ecambria_experts_logo_ohne_rand.svg\",\"width\":369,\"height\":60,\"caption\":\"ecambria experts\"},\"image\":{\"@id\":\"https:\/\/www.ecambria-experts.de\/it-sachverstaendiger\/#\/schema\/logo\/image\/\"}}]}<\/script>\n<!-- \/ Yoast SEO plugin. -->","yoast_head_json":{"title":"Im \u00f6ffentlichen Auftrag: Neutrale Gutachter f\u00fcr Gerichte - ecambria experts","robots":{"index":"index","follow":"follow","max-snippet":"max-snippet:-1","max-image-preview":"max-image-preview:large","max-video-preview":"max-video-preview:-1"},"canonical":"https:\/\/www.ecambria-experts.de\/it-sachverstaendiger\/leistungen_fuer_gerichte","og_locale":"de_DE","og_type":"article","og_title":"Im \u00f6ffentlichen Auftrag: Neutrale Gutachter f\u00fcr Gerichte - ecambria experts","og_description":"Im \u00f6ffentlichen Auftrag: Neutrale Gutachter f\u00fcr Gerichte Gerichte werden zunehmend mit Streitf\u00e4llen konfrontiert, in denen Software, Computer oder auch Netzwerke wie das Internet eine zentrale Rolle spielen. Programmierfehler, zu langsam laufende Software, nicht erf\u00fcllte Anforderungen bei IT-Projekten, zu hohe Kosten und viele \u00e4hnliche Sachverhalte werden zum Gegenstand gerichtlicher Auseinandersetzungen. Durch...","og_url":"https:\/\/www.ecambria-experts.de\/it-sachverstaendiger\/leistungen_fuer_gerichte","og_site_name":"ecambria experts","article_modified_time":"2019-09-04T12:57:33+00:00","twitter_card":"summary_large_image","twitter_misc":{"Gesch\u00e4tzte Lesezeit":"1\u00a0Minute"},"schema":{"@context":"https:\/\/schema.org","@graph":[{"@type":"WebPage","@id":"https:\/\/www.ecambria-experts.de\/it-sachverstaendiger\/leistungen_fuer_gerichte","url":"https:\/\/www.ecambria-experts.de\/it-sachverstaendiger\/leistungen_fuer_gerichte","name":"Im \u00f6ffentlichen Auftrag: Neutrale Gutachter f\u00fcr Gerichte - ecambria experts","isPartOf":{"@id":"https:\/\/www.ecambria-experts.de\/it-sachverstaendiger\/#website"},"datePublished":"2014-12-19T13:41:36+00:00","dateModified":"2019-09-04T12:57:33+00:00","breadcrumb":{"@id":"https:\/\/www.ecambria-experts.de\/it-sachverstaendiger\/leistungen_fuer_gerichte#breadcrumb"},"inLanguage":"de","potentialAction":[{"@type":"ReadAction","target":["https:\/\/www.ecambria-experts.de\/it-sachverstaendiger\/leistungen_fuer_gerichte"]}]},{"@type":"BreadcrumbList","@id":"https:\/\/www.ecambria-experts.de\/it-sachverstaendiger\/leistungen_fuer_gerichte#breadcrumb","itemListElement":[{"@type":"ListItem","position":1,"name":"Startseite","item":"https:\/\/www.ecambria-experts.de\/it-sachverstaendiger\/"},{"@type":"ListItem","position":2,"name":"Im \u00f6ffentlichen Auftrag: Neutrale Gutachter f\u00fcr Gerichte"}]},{"@type":"WebSite","@id":"https:\/\/www.ecambria-experts.de\/it-sachverstaendiger\/#website","url":"https:\/\/www.ecambria-experts.de\/it-sachverstaendiger\/","name":"ecambria experts","description":"IT-Sachverst\u00e4ndige und Gutachter, Bewertung, Gerichtsgutachten, Privatgutachten, Schlichtung","publisher":{"@id":"https:\/\/www.ecambria-experts.de\/it-sachverstaendiger\/#organization"},"potentialAction":[{"@type":"SearchAction","target":{"@type":"EntryPoint","urlTemplate":"https:\/\/www.ecambria-experts.de\/it-sachverstaendiger\/?s={search_term_string}"},"query-input":{"@type":"PropertyValueSpecification","valueRequired":true,"valueName":"search_term_string"}}],"inLanguage":"de"},{"@type":"Organization","@id":"https:\/\/www.ecambria-experts.de\/it-sachverstaendiger\/#organization","name":"ecambria experts","url":"https:\/\/www.ecambria-experts.de\/it-sachverstaendiger\/","logo":{"@type":"ImageObject","inLanguage":"de","@id":"https:\/\/www.ecambria-experts.de\/it-sachverstaendiger\/#\/schema\/logo\/image\/","url":"https:\/\/www.ecambria-experts.de\/it-sachverstaendiger\/wp-content\/uploads\/2025\/09\/ecambria_experts_logo_ohne_rand.svg","contentUrl":"https:\/\/www.ecambria-experts.de\/it-sachverstaendiger\/wp-content\/uploads\/2025\/09\/ecambria_experts_logo_ohne_rand.svg","width":369,"height":60,"caption":"ecambria experts"},"image":{"@id":"https:\/\/www.ecambria-experts.de\/it-sachverstaendiger\/#\/schema\/logo\/image\/"}}]}},"_links":{"self":[{"href":"https:\/\/www.ecambria-experts.de\/it-sachverstaendiger\/wp-json\/wp\/v2\/pages\/41","targetHints":{"allow":["GET"]}}],"collection":[{"href":"https:\/\/www.ecambria-experts.de\/it-sachverstaendiger\/wp-json\/wp\/v2\/pages"}],"about":[{"href":"https:\/\/www.ecambria-experts.de\/it-sachverstaendiger\/wp-json\/wp\/v2\/types\/page"}],"author":[{"embeddable":true,"href":"https:\/\/www.ecambria-experts.de\/it-sachverstaendiger\/wp-json\/wp\/v2\/users\/1"}],"replies":[{"embeddable":true,"href":"https:\/\/www.ecambria-experts.de\/it-sachverstaendiger\/wp-json\/wp\/v2\/comments?post=41"}],"version-history":[{"count":6,"href":"https:\/\/www.ecambria-experts.de\/it-sachverstaendiger\/wp-json\/wp\/v2\/pages\/41\/revisions"}],"predecessor-version":[{"id":1364,"href":"https:\/\/www.ecambria-experts.de\/it-sachverstaendiger\/wp-json\/wp\/v2\/pages\/41\/revisions\/1364"}],"wp:attachment":[{"href":"https:\/\/www.ecambria-experts.de\/it-sachverstaendiger\/wp-json\/wp\/v2\/media?parent=41"}],"curies":[{"name":"wp","href":"https:\/\/api.w.org\/{rel}","templated":true}]}}