{"id":697,"date":"2016-11-01T21:45:34","date_gmt":"2016-11-01T20:45:34","guid":{"rendered":"http:\/\/www.ecambria-experts.de\/it-sachverstaendiger\/?page_id=697"},"modified":"2019-09-04T13:54:27","modified_gmt":"2019-09-04T12:54:27","slug":"kunden-und-mandanten","status":"publish","type":"page","link":"https:\/\/www.ecambria-experts.de\/it-sachverstaendiger\/kunden-und-mandanten","title":{"rendered":"Kunden und Mandanten"},"content":{"rendered":"<h1>Kunden und Mandanten<\/h1>\n<p>Wir beraten und erstellten Gutachten f\u00fcr Kunden und Mandanten, die neutrale Fachkompetenz im Bereich der Informationsverarbeitung, Software und Systeme ben\u00f6tigen.<\/p>\n<h2>Unsere Auftraggeber und Kunden<\/h2>\n<p>Einen Bedarf an neutraler Fachkompetenz haben ganz unterschiedliche Kundengruppen:<\/p>\n<ul>\n<li><strong><a href=\"http:\/\/www.ecambria-experts.de\/it-sachverstaendiger\/leistungen_fuer_gerichte\">Gerichte<\/a>:<\/strong> \u00d6ffentliche Gerichte sind die klassischen Auftraggeber von \u00f6ffentlich bestellten Sachverst\u00e4ndigen, die Gutachten nach den formalen Regeln der ZPO (Zivilprozessordnung) oder SPO (Strafprozessordnung) erstellen k\u00f6nnen.<\/li>\n<li><strong><a href=\"http:\/\/www.ecambria-experts.de\/it-sachverstaendiger\/leistungen_fuer_anwaelte\">Anw\u00e4lte<\/a>:<\/strong> Sachverst\u00e4ndige arbeiten im Privatauftrag von Mandaten oft mit Rechtsanw\u00e4lten zusammen. Dabei besteht \u00fcblicherweise aufgrund der unterschiedlichen Berufsordnungen eine klare Aufgabentrennung nach Rechts- und Sachfragen.<\/li>\n<li><strong><a href=\"http:\/\/www.ecambria-experts.de\/it-sachverstaendiger\/leistungen-fuer-unternehmen\">Unternehmen<\/a>:<\/strong> Auch jenseits von Streitf\u00e4llen haben gerade Unternehmen h\u00e4ufig Bedarf an einem neutralen, d.h. nicht in die &#8222;interne Firmenpolitik&#8220; verstrickten oder mit weitergehenden Eigeninteressen auftretenden Berater.<\/li>\n<li><a href=\"http:\/\/www.ecambria-experts.de\/it-sachverstaendiger\/leistungen-fuer-unternehmen\"><strong>\u00d6ffentliche Einrichtungen<\/strong><\/a>: Wie Unternehmen auch, haben \u00f6ffentliche Einrichtungen Bedarf an externem, neutralem Sachverstand.<\/li>\n<li><a href=\"http:\/\/www.ecambria-experts.de\/it-sachverstaendiger\/gutachten-fuer-die-staatsanwaltschaft\"><strong>Staatsanwaltschaften<\/strong><\/a>: Die Arbeit eines Sachverst\u00e4ndigen im Auftrag der Staatsanwaltschaft funktionert \u00e4hnlich wie bei Rechtsanw\u00e4lten. Es handelt sich um einen Privatauftrag.<\/li>\n<li><a href=\"http:\/\/www.ecambria-experts.de\/it-sachverstaendiger\/versicherungsgutachten\"><strong>Versicherungen<\/strong><\/a>: Gerade in der Schadensversicherung haben Sachversicherer ein erhebliches Interesse daran, eine unabh\u00e4ngige Einsch\u00e4tzung der Ursachen und Bewertung von Schadensf\u00e4llen zu erhalten. Aus diesem Grund greifen sie oft auf Sachverst\u00e4ndige zur\u00fcck.<\/li>\n<\/ul>\n<p>Wir arbeiten f\u00fcr alle Kunden nach den gleichen Qualit\u00e4tsma\u00dfst\u00e4ben und mit der gleichen Sorgfalt. Dabei unterliegt unsere Arbeit und insbesondere die erstellten Gutachten den strengen Qualit\u00e4tsma\u00dfst\u00e4ben der Sachverst\u00e4ndigenordnung.<\/p>\n","protected":false},"excerpt":{"rendered":"<p>Kunden und Mandanten Wir beraten und erstellten Gutachten f\u00fcr Kunden und Mandanten, die neutrale Fachkompetenz im Bereich der Informationsverarbeitung, Software und Systeme ben\u00f6tigen. Unsere Auftraggeber und Kunden Einen Bedarf an neutraler Fachkompetenz haben ganz unterschiedliche Kundengruppen: Gerichte: \u00d6ffentliche Gerichte sind die klassischen Auftraggeber von \u00f6ffentlich bestellten Sachverst\u00e4ndigen, die Gutachten nach&#8230;<\/p>\n","protected":false},"author":1,"featured_media":0,"parent":0,"menu_order":0,"comment_status":"closed","ping_status":"closed","template":"","meta":{"inline_featured_image":false,"footnotes":""},"class_list":["post-697","page","type-page","status-publish","hentry"],"yoast_head":"<!-- This site is optimized with the Yoast SEO plugin v25.4 - https:\/\/yoast.com\/wordpress\/plugins\/seo\/ -->\n<title>Kunden und Mandanten - ecambria experts<\/title>\n<meta name=\"description\" content=\"Wir beraten und erstellten Gutachten f\u00fcr Kunden und Mandanten, die neutrale Fachkompetenz im Bereich der Informationsverbeitung ben\u00f6tigen.\" \/>\n<meta name=\"robots\" content=\"index, follow, max-snippet:-1, max-image-preview:large, max-video-preview:-1\" \/>\n<link rel=\"canonical\" href=\"https:\/\/www.ecambria-experts.de\/it-sachverstaendiger\/kunden-und-mandanten\" \/>\n<meta property=\"og:locale\" content=\"de_DE\" \/>\n<meta property=\"og:type\" content=\"article\" \/>\n<meta property=\"og:title\" content=\"Kunden und Mandanten - ecambria experts\" \/>\n<meta property=\"og:description\" content=\"Wir beraten und erstellten Gutachten f\u00fcr Kunden und Mandanten, die neutrale Fachkompetenz im Bereich der Informationsverbeitung ben\u00f6tigen.\" \/>\n<meta property=\"og:url\" content=\"https:\/\/www.ecambria-experts.de\/it-sachverstaendiger\/kunden-und-mandanten\" \/>\n<meta property=\"og:site_name\" content=\"ecambria experts\" \/>\n<meta property=\"article:modified_time\" content=\"2019-09-04T12:54:27+00:00\" \/>\n<meta name=\"twitter:card\" content=\"summary_large_image\" \/>\n<meta name=\"twitter:label1\" content=\"Gesch\u00e4tzte Lesezeit\" \/>\n\t<meta name=\"twitter:data1\" content=\"1\u00a0Minute\" \/>\n<script type=\"application\/ld+json\" class=\"yoast-schema-graph\">{\"@context\":\"https:\/\/schema.org\",\"@graph\":[{\"@type\":\"WebPage\",\"@id\":\"https:\/\/www.ecambria-experts.de\/it-sachverstaendiger\/kunden-und-mandanten\",\"url\":\"https:\/\/www.ecambria-experts.de\/it-sachverstaendiger\/kunden-und-mandanten\",\"name\":\"Kunden und Mandanten - ecambria experts\",\"isPartOf\":{\"@id\":\"https:\/\/www.ecambria-experts.de\/it-sachverstaendiger\/#website\"},\"datePublished\":\"2016-11-01T20:45:34+00:00\",\"dateModified\":\"2019-09-04T12:54:27+00:00\",\"description\":\"Wir beraten und erstellten Gutachten f\u00fcr Kunden und Mandanten, die neutrale Fachkompetenz im Bereich der Informationsverbeitung ben\u00f6tigen.\",\"breadcrumb\":{\"@id\":\"https:\/\/www.ecambria-experts.de\/it-sachverstaendiger\/kunden-und-mandanten#breadcrumb\"},\"inLanguage\":\"de\",\"potentialAction\":[{\"@type\":\"ReadAction\",\"target\":[\"https:\/\/www.ecambria-experts.de\/it-sachverstaendiger\/kunden-und-mandanten\"]}]},{\"@type\":\"BreadcrumbList\",\"@id\":\"https:\/\/www.ecambria-experts.de\/it-sachverstaendiger\/kunden-und-mandanten#breadcrumb\",\"itemListElement\":[{\"@type\":\"ListItem\",\"position\":1,\"name\":\"Startseite\",\"item\":\"https:\/\/www.ecambria-experts.de\/it-sachverstaendiger\/\"},{\"@type\":\"ListItem\",\"position\":2,\"name\":\"Kunden und Mandanten\"}]},{\"@type\":\"WebSite\",\"@id\":\"https:\/\/www.ecambria-experts.de\/it-sachverstaendiger\/#website\",\"url\":\"https:\/\/www.ecambria-experts.de\/it-sachverstaendiger\/\",\"name\":\"ecambria experts\",\"description\":\"IT-Sachverst\u00e4ndige und Gutachter, Bewertung, Gerichtsgutachten, Privatgutachten, Schlichtung\",\"publisher\":{\"@id\":\"https:\/\/www.ecambria-experts.de\/it-sachverstaendiger\/#organization\"},\"potentialAction\":[{\"@type\":\"SearchAction\",\"target\":{\"@type\":\"EntryPoint\",\"urlTemplate\":\"https:\/\/www.ecambria-experts.de\/it-sachverstaendiger\/?s={search_term_string}\"},\"query-input\":{\"@type\":\"PropertyValueSpecification\",\"valueRequired\":true,\"valueName\":\"search_term_string\"}}],\"inLanguage\":\"de\"},{\"@type\":\"Organization\",\"@id\":\"https:\/\/www.ecambria-experts.de\/it-sachverstaendiger\/#organization\",\"name\":\"ecambria experts\",\"url\":\"https:\/\/www.ecambria-experts.de\/it-sachverstaendiger\/\",\"logo\":{\"@type\":\"ImageObject\",\"inLanguage\":\"de\",\"@id\":\"https:\/\/www.ecambria-experts.de\/it-sachverstaendiger\/#\/schema\/logo\/image\/\",\"url\":\"https:\/\/www.ecambria-experts.de\/it-sachverstaendiger\/wp-content\/uploads\/2025\/09\/ecambria_experts_logo_ohne_rand.svg\",\"contentUrl\":\"https:\/\/www.ecambria-experts.de\/it-sachverstaendiger\/wp-content\/uploads\/2025\/09\/ecambria_experts_logo_ohne_rand.svg\",\"width\":369,\"height\":60,\"caption\":\"ecambria experts\"},\"image\":{\"@id\":\"https:\/\/www.ecambria-experts.de\/it-sachverstaendiger\/#\/schema\/logo\/image\/\"}}]}<\/script>\n<!-- \/ Yoast SEO plugin. -->","yoast_head_json":{"title":"Kunden und Mandanten - ecambria experts","description":"Wir beraten und erstellten Gutachten f\u00fcr Kunden und Mandanten, die neutrale Fachkompetenz im Bereich der Informationsverbeitung ben\u00f6tigen.","robots":{"index":"index","follow":"follow","max-snippet":"max-snippet:-1","max-image-preview":"max-image-preview:large","max-video-preview":"max-video-preview:-1"},"canonical":"https:\/\/www.ecambria-experts.de\/it-sachverstaendiger\/kunden-und-mandanten","og_locale":"de_DE","og_type":"article","og_title":"Kunden und Mandanten - ecambria experts","og_description":"Wir beraten und erstellten Gutachten f\u00fcr Kunden und Mandanten, die neutrale Fachkompetenz im Bereich der Informationsverbeitung ben\u00f6tigen.","og_url":"https:\/\/www.ecambria-experts.de\/it-sachverstaendiger\/kunden-und-mandanten","og_site_name":"ecambria experts","article_modified_time":"2019-09-04T12:54:27+00:00","twitter_card":"summary_large_image","twitter_misc":{"Gesch\u00e4tzte Lesezeit":"1\u00a0Minute"},"schema":{"@context":"https:\/\/schema.org","@graph":[{"@type":"WebPage","@id":"https:\/\/www.ecambria-experts.de\/it-sachverstaendiger\/kunden-und-mandanten","url":"https:\/\/www.ecambria-experts.de\/it-sachverstaendiger\/kunden-und-mandanten","name":"Kunden und Mandanten - ecambria experts","isPartOf":{"@id":"https:\/\/www.ecambria-experts.de\/it-sachverstaendiger\/#website"},"datePublished":"2016-11-01T20:45:34+00:00","dateModified":"2019-09-04T12:54:27+00:00","description":"Wir beraten und erstellten Gutachten f\u00fcr Kunden und Mandanten, die neutrale Fachkompetenz im Bereich der Informationsverbeitung ben\u00f6tigen.","breadcrumb":{"@id":"https:\/\/www.ecambria-experts.de\/it-sachverstaendiger\/kunden-und-mandanten#breadcrumb"},"inLanguage":"de","potentialAction":[{"@type":"ReadAction","target":["https:\/\/www.ecambria-experts.de\/it-sachverstaendiger\/kunden-und-mandanten"]}]},{"@type":"BreadcrumbList","@id":"https:\/\/www.ecambria-experts.de\/it-sachverstaendiger\/kunden-und-mandanten#breadcrumb","itemListElement":[{"@type":"ListItem","position":1,"name":"Startseite","item":"https:\/\/www.ecambria-experts.de\/it-sachverstaendiger\/"},{"@type":"ListItem","position":2,"name":"Kunden und Mandanten"}]},{"@type":"WebSite","@id":"https:\/\/www.ecambria-experts.de\/it-sachverstaendiger\/#website","url":"https:\/\/www.ecambria-experts.de\/it-sachverstaendiger\/","name":"ecambria experts","description":"IT-Sachverst\u00e4ndige und Gutachter, Bewertung, Gerichtsgutachten, Privatgutachten, Schlichtung","publisher":{"@id":"https:\/\/www.ecambria-experts.de\/it-sachverstaendiger\/#organization"},"potentialAction":[{"@type":"SearchAction","target":{"@type":"EntryPoint","urlTemplate":"https:\/\/www.ecambria-experts.de\/it-sachverstaendiger\/?s={search_term_string}"},"query-input":{"@type":"PropertyValueSpecification","valueRequired":true,"valueName":"search_term_string"}}],"inLanguage":"de"},{"@type":"Organization","@id":"https:\/\/www.ecambria-experts.de\/it-sachverstaendiger\/#organization","name":"ecambria experts","url":"https:\/\/www.ecambria-experts.de\/it-sachverstaendiger\/","logo":{"@type":"ImageObject","inLanguage":"de","@id":"https:\/\/www.ecambria-experts.de\/it-sachverstaendiger\/#\/schema\/logo\/image\/","url":"https:\/\/www.ecambria-experts.de\/it-sachverstaendiger\/wp-content\/uploads\/2025\/09\/ecambria_experts_logo_ohne_rand.svg","contentUrl":"https:\/\/www.ecambria-experts.de\/it-sachverstaendiger\/wp-content\/uploads\/2025\/09\/ecambria_experts_logo_ohne_rand.svg","width":369,"height":60,"caption":"ecambria experts"},"image":{"@id":"https:\/\/www.ecambria-experts.de\/it-sachverstaendiger\/#\/schema\/logo\/image\/"}}]}},"_links":{"self":[{"href":"https:\/\/www.ecambria-experts.de\/it-sachverstaendiger\/wp-json\/wp\/v2\/pages\/697","targetHints":{"allow":["GET"]}}],"collection":[{"href":"https:\/\/www.ecambria-experts.de\/it-sachverstaendiger\/wp-json\/wp\/v2\/pages"}],"about":[{"href":"https:\/\/www.ecambria-experts.de\/it-sachverstaendiger\/wp-json\/wp\/v2\/types\/page"}],"author":[{"embeddable":true,"href":"https:\/\/www.ecambria-experts.de\/it-sachverstaendiger\/wp-json\/wp\/v2\/users\/1"}],"replies":[{"embeddable":true,"href":"https:\/\/www.ecambria-experts.de\/it-sachverstaendiger\/wp-json\/wp\/v2\/comments?post=697"}],"version-history":[{"count":11,"href":"https:\/\/www.ecambria-experts.de\/it-sachverstaendiger\/wp-json\/wp\/v2\/pages\/697\/revisions"}],"predecessor-version":[{"id":1362,"href":"https:\/\/www.ecambria-experts.de\/it-sachverstaendiger\/wp-json\/wp\/v2\/pages\/697\/revisions\/1362"}],"wp:attachment":[{"href":"https:\/\/www.ecambria-experts.de\/it-sachverstaendiger\/wp-json\/wp\/v2\/media?parent=697"}],"curies":[{"name":"wp","href":"https:\/\/api.w.org\/{rel}","templated":true}]}}