{"id":706,"date":"2016-11-01T21:44:03","date_gmt":"2016-11-01T20:44:03","guid":{"rendered":"http:\/\/www.ecambria-experts.de\/it-sachverstaendiger\/?page_id=706"},"modified":"2019-09-04T13:53:51","modified_gmt":"2019-09-04T12:53:51","slug":"datenschutzbewertung-neue-verfahren-und-systeme","status":"publish","type":"page","link":"https:\/\/www.ecambria-experts.de\/it-sachverstaendiger\/datenschutzbewertung-neue-verfahren-und-systeme","title":{"rendered":"Bewertung der Datenschutzkonformit\u00e4t von neuen Verfahren und Systemen"},"content":{"rendered":"<h1>Bewertung der Datenschutzkonformit\u00e4t von neuen Verfahren und Systemen<\/h1>\n<p>Bestehen besondere Risiken f\u00fcr die Rechte und Freiheiten der Betroffenen, ist eine besonders ausf\u00fchrliche Bewertung eines noch nicht eingef\u00fchrten Verfahrens gefordert. Dabei unterst\u00fctzen wir Sie mit den ggf. notwendigen Besuchen vor Ort und der Pr\u00fcfung der technischen und organisatorischen Ma\u00dfnahmen.<\/p>\n<h2>Hohe Qualit\u00e4t der Datenschutzbewertung durch Betrachtung der System- und Verfahrensebene<\/h2>\n<p>Wie beim umfassenden Datenschutzaudit betrachten wir als IT-Sachverst\u00e4ndige auch bei einer verfahrensbezogenen Datenschutzbewertung sowohl die Verfahrens- als auch die Systemebene, um eine hohe Qualit\u00e4t der ermittelten Tatsachen zu erzielen.<\/p>\n","protected":false},"excerpt":{"rendered":"<p>Bewertung der Datenschutzkonformit\u00e4t von neuen Verfahren und Systemen Bestehen besondere Risiken f\u00fcr die Rechte und Freiheiten der Betroffenen, ist eine besonders ausf\u00fchrliche Bewertung eines noch nicht eingef\u00fchrten Verfahrens gefordert. Dabei unterst\u00fctzen wir Sie mit den ggf. notwendigen Besuchen vor Ort und der Pr\u00fcfung der technischen und organisatorischen Ma\u00dfnahmen. Hohe Qualit\u00e4t&#8230;<\/p>\n","protected":false},"author":1,"featured_media":0,"parent":0,"menu_order":0,"comment_status":"closed","ping_status":"closed","template":"","meta":{"inline_featured_image":false,"footnotes":""},"class_list":["post-706","page","type-page","status-publish","hentry"],"yoast_head":"<!-- This site is optimized with the Yoast SEO plugin v25.4 - https:\/\/yoast.com\/wordpress\/plugins\/seo\/ -->\n<title>Bewertung der Datenschutzkonformit\u00e4t von neuen Verfahren und Systemen - ecambria experts<\/title>\n<meta name=\"description\" content=\"Wir betrachten bei der Vorabkontrolle sowohl die Verfahrens- als auch die Systemebene, um eine hohe Qualit\u00e4t der ermittelten Tatsachen zu erzielen.\" \/>\n<meta name=\"robots\" content=\"index, follow, max-snippet:-1, max-image-preview:large, max-video-preview:-1\" \/>\n<link rel=\"canonical\" href=\"https:\/\/www.ecambria-experts.de\/it-sachverstaendiger\/datenschutzbewertung-neue-verfahren-und-systeme\" \/>\n<meta property=\"og:locale\" content=\"de_DE\" \/>\n<meta property=\"og:type\" content=\"article\" \/>\n<meta property=\"og:title\" content=\"Bewertung der Datenschutzkonformit\u00e4t von neuen Verfahren und Systemen - ecambria experts\" \/>\n<meta property=\"og:description\" content=\"Wir betrachten bei der Vorabkontrolle sowohl die Verfahrens- als auch die Systemebene, um eine hohe Qualit\u00e4t der ermittelten Tatsachen zu erzielen.\" \/>\n<meta property=\"og:url\" content=\"https:\/\/www.ecambria-experts.de\/it-sachverstaendiger\/datenschutzbewertung-neue-verfahren-und-systeme\" \/>\n<meta property=\"og:site_name\" content=\"ecambria experts\" \/>\n<meta property=\"article:modified_time\" content=\"2019-09-04T12:53:51+00:00\" \/>\n<meta name=\"twitter:card\" content=\"summary_large_image\" \/>\n<script type=\"application\/ld+json\" class=\"yoast-schema-graph\">{\"@context\":\"https:\/\/schema.org\",\"@graph\":[{\"@type\":\"WebPage\",\"@id\":\"https:\/\/www.ecambria-experts.de\/it-sachverstaendiger\/datenschutzbewertung-neue-verfahren-und-systeme\",\"url\":\"https:\/\/www.ecambria-experts.de\/it-sachverstaendiger\/datenschutzbewertung-neue-verfahren-und-systeme\",\"name\":\"Bewertung der Datenschutzkonformit\u00e4t von neuen Verfahren und Systemen - ecambria experts\",\"isPartOf\":{\"@id\":\"https:\/\/www.ecambria-experts.de\/it-sachverstaendiger\/#website\"},\"datePublished\":\"2016-11-01T20:44:03+00:00\",\"dateModified\":\"2019-09-04T12:53:51+00:00\",\"description\":\"Wir betrachten bei der Vorabkontrolle sowohl die Verfahrens- als auch die Systemebene, um eine hohe Qualit\u00e4t der ermittelten Tatsachen zu erzielen.\",\"breadcrumb\":{\"@id\":\"https:\/\/www.ecambria-experts.de\/it-sachverstaendiger\/datenschutzbewertung-neue-verfahren-und-systeme#breadcrumb\"},\"inLanguage\":\"de\",\"potentialAction\":[{\"@type\":\"ReadAction\",\"target\":[\"https:\/\/www.ecambria-experts.de\/it-sachverstaendiger\/datenschutzbewertung-neue-verfahren-und-systeme\"]}]},{\"@type\":\"BreadcrumbList\",\"@id\":\"https:\/\/www.ecambria-experts.de\/it-sachverstaendiger\/datenschutzbewertung-neue-verfahren-und-systeme#breadcrumb\",\"itemListElement\":[{\"@type\":\"ListItem\",\"position\":1,\"name\":\"Startseite\",\"item\":\"https:\/\/www.ecambria-experts.de\/it-sachverstaendiger\/\"},{\"@type\":\"ListItem\",\"position\":2,\"name\":\"Bewertung der Datenschutzkonformit\u00e4t von neuen Verfahren und Systemen\"}]},{\"@type\":\"WebSite\",\"@id\":\"https:\/\/www.ecambria-experts.de\/it-sachverstaendiger\/#website\",\"url\":\"https:\/\/www.ecambria-experts.de\/it-sachverstaendiger\/\",\"name\":\"ecambria experts\",\"description\":\"IT-Sachverst\u00e4ndige und Gutachter, Bewertung, Gerichtsgutachten, Privatgutachten, Schlichtung\",\"publisher\":{\"@id\":\"https:\/\/www.ecambria-experts.de\/it-sachverstaendiger\/#organization\"},\"potentialAction\":[{\"@type\":\"SearchAction\",\"target\":{\"@type\":\"EntryPoint\",\"urlTemplate\":\"https:\/\/www.ecambria-experts.de\/it-sachverstaendiger\/?s={search_term_string}\"},\"query-input\":{\"@type\":\"PropertyValueSpecification\",\"valueRequired\":true,\"valueName\":\"search_term_string\"}}],\"inLanguage\":\"de\"},{\"@type\":\"Organization\",\"@id\":\"https:\/\/www.ecambria-experts.de\/it-sachverstaendiger\/#organization\",\"name\":\"ecambria experts\",\"url\":\"https:\/\/www.ecambria-experts.de\/it-sachverstaendiger\/\",\"logo\":{\"@type\":\"ImageObject\",\"inLanguage\":\"de\",\"@id\":\"https:\/\/www.ecambria-experts.de\/it-sachverstaendiger\/#\/schema\/logo\/image\/\",\"url\":\"https:\/\/www.ecambria-experts.de\/it-sachverstaendiger\/wp-content\/uploads\/2025\/09\/ecambria_experts_logo_ohne_rand.svg\",\"contentUrl\":\"https:\/\/www.ecambria-experts.de\/it-sachverstaendiger\/wp-content\/uploads\/2025\/09\/ecambria_experts_logo_ohne_rand.svg\",\"width\":369,\"height\":60,\"caption\":\"ecambria experts\"},\"image\":{\"@id\":\"https:\/\/www.ecambria-experts.de\/it-sachverstaendiger\/#\/schema\/logo\/image\/\"}}]}<\/script>\n<!-- \/ Yoast SEO plugin. -->","yoast_head_json":{"title":"Bewertung der Datenschutzkonformit\u00e4t von neuen Verfahren und Systemen - ecambria experts","description":"Wir betrachten bei der Vorabkontrolle sowohl die Verfahrens- als auch die Systemebene, um eine hohe Qualit\u00e4t der ermittelten Tatsachen zu erzielen.","robots":{"index":"index","follow":"follow","max-snippet":"max-snippet:-1","max-image-preview":"max-image-preview:large","max-video-preview":"max-video-preview:-1"},"canonical":"https:\/\/www.ecambria-experts.de\/it-sachverstaendiger\/datenschutzbewertung-neue-verfahren-und-systeme","og_locale":"de_DE","og_type":"article","og_title":"Bewertung der Datenschutzkonformit\u00e4t von neuen Verfahren und Systemen - ecambria experts","og_description":"Wir betrachten bei der Vorabkontrolle sowohl die Verfahrens- als auch die Systemebene, um eine hohe Qualit\u00e4t der ermittelten Tatsachen zu erzielen.","og_url":"https:\/\/www.ecambria-experts.de\/it-sachverstaendiger\/datenschutzbewertung-neue-verfahren-und-systeme","og_site_name":"ecambria experts","article_modified_time":"2019-09-04T12:53:51+00:00","twitter_card":"summary_large_image","schema":{"@context":"https:\/\/schema.org","@graph":[{"@type":"WebPage","@id":"https:\/\/www.ecambria-experts.de\/it-sachverstaendiger\/datenschutzbewertung-neue-verfahren-und-systeme","url":"https:\/\/www.ecambria-experts.de\/it-sachverstaendiger\/datenschutzbewertung-neue-verfahren-und-systeme","name":"Bewertung der Datenschutzkonformit\u00e4t von neuen Verfahren und Systemen - ecambria experts","isPartOf":{"@id":"https:\/\/www.ecambria-experts.de\/it-sachverstaendiger\/#website"},"datePublished":"2016-11-01T20:44:03+00:00","dateModified":"2019-09-04T12:53:51+00:00","description":"Wir betrachten bei der Vorabkontrolle sowohl die Verfahrens- als auch die Systemebene, um eine hohe Qualit\u00e4t der ermittelten Tatsachen zu erzielen.","breadcrumb":{"@id":"https:\/\/www.ecambria-experts.de\/it-sachverstaendiger\/datenschutzbewertung-neue-verfahren-und-systeme#breadcrumb"},"inLanguage":"de","potentialAction":[{"@type":"ReadAction","target":["https:\/\/www.ecambria-experts.de\/it-sachverstaendiger\/datenschutzbewertung-neue-verfahren-und-systeme"]}]},{"@type":"BreadcrumbList","@id":"https:\/\/www.ecambria-experts.de\/it-sachverstaendiger\/datenschutzbewertung-neue-verfahren-und-systeme#breadcrumb","itemListElement":[{"@type":"ListItem","position":1,"name":"Startseite","item":"https:\/\/www.ecambria-experts.de\/it-sachverstaendiger\/"},{"@type":"ListItem","position":2,"name":"Bewertung der Datenschutzkonformit\u00e4t von neuen Verfahren und Systemen"}]},{"@type":"WebSite","@id":"https:\/\/www.ecambria-experts.de\/it-sachverstaendiger\/#website","url":"https:\/\/www.ecambria-experts.de\/it-sachverstaendiger\/","name":"ecambria experts","description":"IT-Sachverst\u00e4ndige und Gutachter, Bewertung, Gerichtsgutachten, Privatgutachten, Schlichtung","publisher":{"@id":"https:\/\/www.ecambria-experts.de\/it-sachverstaendiger\/#organization"},"potentialAction":[{"@type":"SearchAction","target":{"@type":"EntryPoint","urlTemplate":"https:\/\/www.ecambria-experts.de\/it-sachverstaendiger\/?s={search_term_string}"},"query-input":{"@type":"PropertyValueSpecification","valueRequired":true,"valueName":"search_term_string"}}],"inLanguage":"de"},{"@type":"Organization","@id":"https:\/\/www.ecambria-experts.de\/it-sachverstaendiger\/#organization","name":"ecambria experts","url":"https:\/\/www.ecambria-experts.de\/it-sachverstaendiger\/","logo":{"@type":"ImageObject","inLanguage":"de","@id":"https:\/\/www.ecambria-experts.de\/it-sachverstaendiger\/#\/schema\/logo\/image\/","url":"https:\/\/www.ecambria-experts.de\/it-sachverstaendiger\/wp-content\/uploads\/2025\/09\/ecambria_experts_logo_ohne_rand.svg","contentUrl":"https:\/\/www.ecambria-experts.de\/it-sachverstaendiger\/wp-content\/uploads\/2025\/09\/ecambria_experts_logo_ohne_rand.svg","width":369,"height":60,"caption":"ecambria experts"},"image":{"@id":"https:\/\/www.ecambria-experts.de\/it-sachverstaendiger\/#\/schema\/logo\/image\/"}}]}},"_links":{"self":[{"href":"https:\/\/www.ecambria-experts.de\/it-sachverstaendiger\/wp-json\/wp\/v2\/pages\/706","targetHints":{"allow":["GET"]}}],"collection":[{"href":"https:\/\/www.ecambria-experts.de\/it-sachverstaendiger\/wp-json\/wp\/v2\/pages"}],"about":[{"href":"https:\/\/www.ecambria-experts.de\/it-sachverstaendiger\/wp-json\/wp\/v2\/types\/page"}],"author":[{"embeddable":true,"href":"https:\/\/www.ecambria-experts.de\/it-sachverstaendiger\/wp-json\/wp\/v2\/users\/1"}],"replies":[{"embeddable":true,"href":"https:\/\/www.ecambria-experts.de\/it-sachverstaendiger\/wp-json\/wp\/v2\/comments?post=706"}],"version-history":[{"count":5,"href":"https:\/\/www.ecambria-experts.de\/it-sachverstaendiger\/wp-json\/wp\/v2\/pages\/706\/revisions"}],"predecessor-version":[{"id":1357,"href":"https:\/\/www.ecambria-experts.de\/it-sachverstaendiger\/wp-json\/wp\/v2\/pages\/706\/revisions\/1357"}],"wp:attachment":[{"href":"https:\/\/www.ecambria-experts.de\/it-sachverstaendiger\/wp-json\/wp\/v2\/media?parent=706"}],"curies":[{"name":"wp","href":"https:\/\/api.w.org\/{rel}","templated":true}]}}