{"id":708,"date":"2016-11-01T21:43:37","date_gmt":"2016-11-01T20:43:37","guid":{"rendered":"http:\/\/www.ecambria-experts.de\/it-sachverstaendiger\/?page_id=708"},"modified":"2020-12-07T18:19:27","modified_gmt":"2020-12-07T17:19:27","slug":"privacy-by-design","status":"publish","type":"page","link":"https:\/\/www.ecambria-experts.de\/it-sachverstaendiger\/privacy-by-design","title":{"rendered":"Privacy by Design"},"content":{"rendered":"<h1>Privacy by Design<\/h1>\n<p>Die konkreten Anforderungen des Datenschutzes werden beim Einkauf von IT-Produkten und auch werkvertraglichen oder eigenen Individualentwickungen oft nicht betrachtet. Die mit der Datenschutzgrundverordnung nun in das Gesetz eingef\u00fchrten Prinzipien <em>Privacy by Design<\/em> und <em>Privacy by Default<\/em> fordern aber eine fr\u00fche Ber\u00fccksichtigung von Datenschutzbelangen bei der Anschaffung von IT-Produkten und der Entwicklung von Individualsoftware.<\/p>\n<h2>Privacy by Design: Ber\u00fccksichtigung der Belage des Datenschutzes bereits bei Einkauf, Ausschreibung und Individualentwicklung<\/h2>\n<p>Wir unterst\u00fctzten Sie als IT-Sachverst\u00e4ndige dabei, die Anforderungen des Datenschutzes bereits in der Ausschreibungs- bzw. Konzeptphase in ein IT-Projekt einzubringen. Konkret erstellen wir f\u00fcr Sie die entsprechenden Kapitel in den Anforderungsdokumenten, sowohl bei klassischen Entwicklungsmethodiken als auch bei moderneren, agilen Methoden wie Scrum.<\/p>\n<p>Als Informatiker und Entwickler sprechen wir die Sprache der IT-Abteilung und der beteiligten Dienstleister, so dass wir Ihre Anforderung sicher in das jeweilige Projekt &#8222;injizieren&#8220; k\u00f6nnen.<\/p>\n<p>Dabei bedienen wir uns technischer und insbesondere auch kryptografischer L\u00f6sungen, wie in folgenden Ver\u00f6ffentlichungen dargestellt:<\/p>\n<ul>\n<li><a href=\"http:\/\/www.ecambria-experts.de\/it-sachverstaendiger\/verschluesselung-und-datenschutz\">Verschl\u00fcsselungsverfahren im Datenschutz<\/a><\/li>\n<li><a href=\"http:\/\/www.ecambria-experts.de\/it-sachverstaendiger\/privacy-by-design-2-0-datenschutz-als-softwarekomponente\">Datenschutzkonforme Nutzungprotokollierung<\/a> (Teil von Privacy by Design) oder<\/li>\n<li><a href=\"http:\/\/www.ecambria-experts.de\/it-sachverstaendiger\/publikationen_sicherheit\">Sichere und konsistente Verwaltung von Benutzeridentit\u00e4ten<\/a> (Single-Sign-On).<\/li>\n<\/ul>\n","protected":false},"excerpt":{"rendered":"<p>Privacy by Design Die konkreten Anforderungen des Datenschutzes werden beim Einkauf von IT-Produkten und auch werkvertraglichen oder eigenen Individualentwickungen oft nicht betrachtet. Die mit der Datenschutzgrundverordnung nun in das Gesetz eingef\u00fchrten Prinzipien Privacy by Design und Privacy by Default fordern aber eine fr\u00fche Ber\u00fccksichtigung von Datenschutzbelangen bei der Anschaffung von&#8230;<\/p>\n","protected":false},"author":1,"featured_media":0,"parent":0,"menu_order":0,"comment_status":"closed","ping_status":"closed","template":"","meta":{"inline_featured_image":false,"footnotes":""},"class_list":["post-708","page","type-page","status-publish","hentry"],"yoast_head":"<!-- This site is optimized with the Yoast SEO plugin v25.4 - https:\/\/yoast.com\/wordpress\/plugins\/seo\/ -->\n<title>Privacy by Design - ecambria experts<\/title>\n<meta name=\"description\" content=\"Als Informatiker k\u00f6nnen wir die Belange des Datenschutzes bereits von Anfang an durch &quot;Privacy by Design&quot; in die IT-Projekte Ihres Unternehmens integrieren.\" \/>\n<meta name=\"robots\" content=\"index, follow, max-snippet:-1, max-image-preview:large, max-video-preview:-1\" \/>\n<link rel=\"canonical\" href=\"https:\/\/www.ecambria-experts.de\/it-sachverstaendiger\/privacy-by-design\" \/>\n<meta property=\"og:locale\" content=\"de_DE\" \/>\n<meta property=\"og:type\" content=\"article\" \/>\n<meta property=\"og:title\" content=\"Privacy by Design - ecambria experts\" \/>\n<meta property=\"og:description\" content=\"Als Informatiker k\u00f6nnen wir die Belange des Datenschutzes bereits von Anfang an durch &quot;Privacy by Design&quot; in die IT-Projekte Ihres Unternehmens integrieren.\" \/>\n<meta property=\"og:url\" content=\"https:\/\/www.ecambria-experts.de\/it-sachverstaendiger\/privacy-by-design\" \/>\n<meta property=\"og:site_name\" content=\"ecambria experts\" \/>\n<meta property=\"article:modified_time\" content=\"2020-12-07T17:19:27+00:00\" \/>\n<meta name=\"twitter:card\" content=\"summary_large_image\" \/>\n<meta name=\"twitter:label1\" content=\"Gesch\u00e4tzte Lesezeit\" \/>\n\t<meta name=\"twitter:data1\" content=\"1\u00a0Minute\" \/>\n<script type=\"application\/ld+json\" class=\"yoast-schema-graph\">{\"@context\":\"https:\/\/schema.org\",\"@graph\":[{\"@type\":\"WebPage\",\"@id\":\"https:\/\/www.ecambria-experts.de\/it-sachverstaendiger\/privacy-by-design\",\"url\":\"https:\/\/www.ecambria-experts.de\/it-sachverstaendiger\/privacy-by-design\",\"name\":\"Privacy by Design - ecambria experts\",\"isPartOf\":{\"@id\":\"https:\/\/www.ecambria-experts.de\/it-sachverstaendiger\/#website\"},\"datePublished\":\"2016-11-01T20:43:37+00:00\",\"dateModified\":\"2020-12-07T17:19:27+00:00\",\"description\":\"Als Informatiker k\u00f6nnen wir die Belange des Datenschutzes bereits von Anfang an durch \\\"Privacy by Design\\\" in die IT-Projekte Ihres Unternehmens integrieren.\",\"breadcrumb\":{\"@id\":\"https:\/\/www.ecambria-experts.de\/it-sachverstaendiger\/privacy-by-design#breadcrumb\"},\"inLanguage\":\"de\",\"potentialAction\":[{\"@type\":\"ReadAction\",\"target\":[\"https:\/\/www.ecambria-experts.de\/it-sachverstaendiger\/privacy-by-design\"]}]},{\"@type\":\"BreadcrumbList\",\"@id\":\"https:\/\/www.ecambria-experts.de\/it-sachverstaendiger\/privacy-by-design#breadcrumb\",\"itemListElement\":[{\"@type\":\"ListItem\",\"position\":1,\"name\":\"Startseite\",\"item\":\"https:\/\/www.ecambria-experts.de\/it-sachverstaendiger\/\"},{\"@type\":\"ListItem\",\"position\":2,\"name\":\"Privacy by Design\"}]},{\"@type\":\"WebSite\",\"@id\":\"https:\/\/www.ecambria-experts.de\/it-sachverstaendiger\/#website\",\"url\":\"https:\/\/www.ecambria-experts.de\/it-sachverstaendiger\/\",\"name\":\"ecambria experts\",\"description\":\"IT-Sachverst\u00e4ndige und Gutachter, Bewertung, Gerichtsgutachten, Privatgutachten, Schlichtung\",\"publisher\":{\"@id\":\"https:\/\/www.ecambria-experts.de\/it-sachverstaendiger\/#organization\"},\"potentialAction\":[{\"@type\":\"SearchAction\",\"target\":{\"@type\":\"EntryPoint\",\"urlTemplate\":\"https:\/\/www.ecambria-experts.de\/it-sachverstaendiger\/?s={search_term_string}\"},\"query-input\":{\"@type\":\"PropertyValueSpecification\",\"valueRequired\":true,\"valueName\":\"search_term_string\"}}],\"inLanguage\":\"de\"},{\"@type\":\"Organization\",\"@id\":\"https:\/\/www.ecambria-experts.de\/it-sachverstaendiger\/#organization\",\"name\":\"ecambria experts\",\"url\":\"https:\/\/www.ecambria-experts.de\/it-sachverstaendiger\/\",\"logo\":{\"@type\":\"ImageObject\",\"inLanguage\":\"de\",\"@id\":\"https:\/\/www.ecambria-experts.de\/it-sachverstaendiger\/#\/schema\/logo\/image\/\",\"url\":\"https:\/\/www.ecambria-experts.de\/it-sachverstaendiger\/wp-content\/uploads\/2025\/09\/ecambria_experts_logo_ohne_rand.svg\",\"contentUrl\":\"https:\/\/www.ecambria-experts.de\/it-sachverstaendiger\/wp-content\/uploads\/2025\/09\/ecambria_experts_logo_ohne_rand.svg\",\"width\":369,\"height\":60,\"caption\":\"ecambria experts\"},\"image\":{\"@id\":\"https:\/\/www.ecambria-experts.de\/it-sachverstaendiger\/#\/schema\/logo\/image\/\"}}]}<\/script>\n<!-- \/ Yoast SEO plugin. -->","yoast_head_json":{"title":"Privacy by Design - ecambria experts","description":"Als Informatiker k\u00f6nnen wir die Belange des Datenschutzes bereits von Anfang an durch \"Privacy by Design\" in die IT-Projekte Ihres Unternehmens integrieren.","robots":{"index":"index","follow":"follow","max-snippet":"max-snippet:-1","max-image-preview":"max-image-preview:large","max-video-preview":"max-video-preview:-1"},"canonical":"https:\/\/www.ecambria-experts.de\/it-sachverstaendiger\/privacy-by-design","og_locale":"de_DE","og_type":"article","og_title":"Privacy by Design - ecambria experts","og_description":"Als Informatiker k\u00f6nnen wir die Belange des Datenschutzes bereits von Anfang an durch \"Privacy by Design\" in die IT-Projekte Ihres Unternehmens integrieren.","og_url":"https:\/\/www.ecambria-experts.de\/it-sachverstaendiger\/privacy-by-design","og_site_name":"ecambria experts","article_modified_time":"2020-12-07T17:19:27+00:00","twitter_card":"summary_large_image","twitter_misc":{"Gesch\u00e4tzte Lesezeit":"1\u00a0Minute"},"schema":{"@context":"https:\/\/schema.org","@graph":[{"@type":"WebPage","@id":"https:\/\/www.ecambria-experts.de\/it-sachverstaendiger\/privacy-by-design","url":"https:\/\/www.ecambria-experts.de\/it-sachverstaendiger\/privacy-by-design","name":"Privacy by Design - ecambria experts","isPartOf":{"@id":"https:\/\/www.ecambria-experts.de\/it-sachverstaendiger\/#website"},"datePublished":"2016-11-01T20:43:37+00:00","dateModified":"2020-12-07T17:19:27+00:00","description":"Als Informatiker k\u00f6nnen wir die Belange des Datenschutzes bereits von Anfang an durch \"Privacy by Design\" in die IT-Projekte Ihres Unternehmens integrieren.","breadcrumb":{"@id":"https:\/\/www.ecambria-experts.de\/it-sachverstaendiger\/privacy-by-design#breadcrumb"},"inLanguage":"de","potentialAction":[{"@type":"ReadAction","target":["https:\/\/www.ecambria-experts.de\/it-sachverstaendiger\/privacy-by-design"]}]},{"@type":"BreadcrumbList","@id":"https:\/\/www.ecambria-experts.de\/it-sachverstaendiger\/privacy-by-design#breadcrumb","itemListElement":[{"@type":"ListItem","position":1,"name":"Startseite","item":"https:\/\/www.ecambria-experts.de\/it-sachverstaendiger\/"},{"@type":"ListItem","position":2,"name":"Privacy by Design"}]},{"@type":"WebSite","@id":"https:\/\/www.ecambria-experts.de\/it-sachverstaendiger\/#website","url":"https:\/\/www.ecambria-experts.de\/it-sachverstaendiger\/","name":"ecambria experts","description":"IT-Sachverst\u00e4ndige und Gutachter, Bewertung, Gerichtsgutachten, Privatgutachten, Schlichtung","publisher":{"@id":"https:\/\/www.ecambria-experts.de\/it-sachverstaendiger\/#organization"},"potentialAction":[{"@type":"SearchAction","target":{"@type":"EntryPoint","urlTemplate":"https:\/\/www.ecambria-experts.de\/it-sachverstaendiger\/?s={search_term_string}"},"query-input":{"@type":"PropertyValueSpecification","valueRequired":true,"valueName":"search_term_string"}}],"inLanguage":"de"},{"@type":"Organization","@id":"https:\/\/www.ecambria-experts.de\/it-sachverstaendiger\/#organization","name":"ecambria experts","url":"https:\/\/www.ecambria-experts.de\/it-sachverstaendiger\/","logo":{"@type":"ImageObject","inLanguage":"de","@id":"https:\/\/www.ecambria-experts.de\/it-sachverstaendiger\/#\/schema\/logo\/image\/","url":"https:\/\/www.ecambria-experts.de\/it-sachverstaendiger\/wp-content\/uploads\/2025\/09\/ecambria_experts_logo_ohne_rand.svg","contentUrl":"https:\/\/www.ecambria-experts.de\/it-sachverstaendiger\/wp-content\/uploads\/2025\/09\/ecambria_experts_logo_ohne_rand.svg","width":369,"height":60,"caption":"ecambria experts"},"image":{"@id":"https:\/\/www.ecambria-experts.de\/it-sachverstaendiger\/#\/schema\/logo\/image\/"}}]}},"_links":{"self":[{"href":"https:\/\/www.ecambria-experts.de\/it-sachverstaendiger\/wp-json\/wp\/v2\/pages\/708","targetHints":{"allow":["GET"]}}],"collection":[{"href":"https:\/\/www.ecambria-experts.de\/it-sachverstaendiger\/wp-json\/wp\/v2\/pages"}],"about":[{"href":"https:\/\/www.ecambria-experts.de\/it-sachverstaendiger\/wp-json\/wp\/v2\/types\/page"}],"author":[{"embeddable":true,"href":"https:\/\/www.ecambria-experts.de\/it-sachverstaendiger\/wp-json\/wp\/v2\/users\/1"}],"replies":[{"embeddable":true,"href":"https:\/\/www.ecambria-experts.de\/it-sachverstaendiger\/wp-json\/wp\/v2\/comments?post=708"}],"version-history":[{"count":6,"href":"https:\/\/www.ecambria-experts.de\/it-sachverstaendiger\/wp-json\/wp\/v2\/pages\/708\/revisions"}],"predecessor-version":[{"id":1359,"href":"https:\/\/www.ecambria-experts.de\/it-sachverstaendiger\/wp-json\/wp\/v2\/pages\/708\/revisions\/1359"}],"wp:attachment":[{"href":"https:\/\/www.ecambria-experts.de\/it-sachverstaendiger\/wp-json\/wp\/v2\/media?parent=708"}],"curies":[{"name":"wp","href":"https:\/\/api.w.org\/{rel}","templated":true}]}}