{"id":977,"date":"2018-05-09T21:33:43","date_gmt":"2018-05-09T20:33:43","guid":{"rendered":"https:\/\/www.ecambria-experts.de\/it-sachverstaendiger\/?page_id=977"},"modified":"2019-04-12T15:22:28","modified_gmt":"2019-04-12T14:22:28","slug":"neutral-experts-for-information-technology","status":"publish","type":"page","link":"https:\/\/www.ecambria-experts.de\/it-sachverstaendiger\/en\/neutral-experts-for-information-technology","title":{"rendered":"Neutral experts for information technology"},"content":{"rendered":"<p class=\"main-text\">As one of the leading expertise firms for information processing in Europe, we specialize in providing attorneys, businesses and courts with independent consultation and practical advice on all issues relating to information technology. We have specific experience as court appointed experts in German courts.<\/p>\n<p class=\"main-text\">Currently, the following experts are working at ecambria:<\/p>\n<ul>\n<li><a title=\"Dr. Oliver Stiemerling\" href=\"https:\/\/www.ecambria-experts.de\/it-sachverstaendiger\/en\/dr-oliver-stiemerling\">Dr. Oliver Stiemerling*<\/a><\/li>\n<li><a title=\"Tim Schr\u00f6der, Diplom-Informatiker\" href=\"\/it-sachverstaendiger\/sv-schroeder\">Dipl.-Inf. Tim Schr\u00f6der<\/a><\/li>\n<li><a title=\"Dipl. Inf. Thomas Eisenbarth\" href=\"\/IT-Sachverstaendiger\/sv-eisenbarth\">Dipl.-Inf. Thomas Eisenbarth<\/a><\/li>\n<li><a title=\"Dr. Ing. Joachim H\u00f6nig\" href=\"\/IT-Sachverstaendiger\/sv-hoenig\">Dr.-Ing. Joachim H\u00f6nig<\/a><\/li>\n<li><a title=\"Steffen Wunderlich\" href=\"IT-Sachverstaendiger\/sv-wunderlich\">Steffen Wunderlich<\/a><\/li>\n<li><a title=\"Viktor Hassenrik (Diplom-Informatiker)\" href=\"http:\/\/www.ecambria-experts.de\/it-sachverstaendiger\/startseite\/viktor-hassenrik-diplom-informatiker\">Dipl.-Inf. Viktor Hassenrik<\/a><\/li>\n<\/ul>\n<p class=\"main-text\">Our IT-experts are supported by:<\/p>\n<ul>\n<li><a title=\"Beatrice Goihl\" href=\"https:\/\/www.ecambria-experts.de\/it-sachverstaendiger\/sv-goihl\">Beatrice Goihl<\/a><\/li>\n<\/ul>\n<p class=\"main-text\">The <b>expert opinions<\/b> of ecambria experts make complex situations which are so typical of IT projects transparent, while illuminating those specific aspects that are of decisive importance in a dispute or a major entrepreneurial decision.<\/p>\n<p class=\"main-text\">As <b>independent arbitrators and mediators<\/b>, we deliver decisive support for IT projects in crisis. Acting in the role of a neutral third party, we have the necessary distance that enables us to resolve a conflict situation with its interpersonal, technical and business aspects in such a way that all parties involved in the project can once more move forward constructively.<\/p>\n<p class=\"main-text\">As <b>consultants<\/b>, we also act as an interface between clients and IT service providers \u2013 for instance by developing innovative system concepts, structuring requests for quotations, defining specifications, and conducting software acceptance. Explore the portfolio of services that ecambria experts can offer you on this web site.<\/p>\n","protected":false},"excerpt":{"rendered":"<p>As one of the leading expertise firms for information processing in Europe, we specialize in providing attorneys, businesses and courts with independent consultation and practical advice on all issues relating to information technology. We have specific experience as court appointed experts in German courts. Currently, the following experts are working&#8230;<\/p>\n","protected":false},"author":1,"featured_media":0,"parent":0,"menu_order":0,"comment_status":"closed","ping_status":"closed","template":"","meta":{"inline_featured_image":false,"footnotes":""},"class_list":["post-977","page","type-page","status-publish","hentry"],"yoast_head":"<!-- This site is optimized with the Yoast SEO plugin v25.4 - https:\/\/yoast.com\/wordpress\/plugins\/seo\/ -->\n<title>Neutral experts for information technology - ecambria experts<\/title>\n<meta name=\"description\" content=\"Als IT-Sachverst\u00e4ndige beraten wir Gerichte, Unternehmen, Anw\u00e4lte und Beh\u00f6rden in IT-Streitf\u00e4llen oder IT-Projekten und erstellen schriftliche Gutachten.\" \/>\n<meta name=\"robots\" content=\"index, follow, max-snippet:-1, max-image-preview:large, max-video-preview:-1\" \/>\n<link rel=\"canonical\" href=\"https:\/\/www.ecambria-experts.de\/it-sachverstaendiger\/en\/neutral-experts-for-information-technology\" \/>\n<meta property=\"og:locale\" content=\"de_DE\" \/>\n<meta property=\"og:type\" content=\"article\" \/>\n<meta property=\"og:title\" content=\"Neutral experts for information technology - ecambria experts\" \/>\n<meta property=\"og:description\" content=\"Als IT-Sachverst\u00e4ndige beraten wir Gerichte, Unternehmen, Anw\u00e4lte und Beh\u00f6rden in IT-Streitf\u00e4llen oder IT-Projekten und erstellen schriftliche Gutachten.\" \/>\n<meta property=\"og:url\" content=\"https:\/\/www.ecambria-experts.de\/it-sachverstaendiger\/en\/neutral-experts-for-information-technology\" \/>\n<meta property=\"og:site_name\" content=\"ecambria experts\" \/>\n<meta property=\"article:modified_time\" content=\"2019-04-12T14:22:28+00:00\" \/>\n<meta name=\"twitter:card\" content=\"summary_large_image\" \/>\n<meta name=\"twitter:label1\" content=\"Gesch\u00e4tzte Lesezeit\" \/>\n\t<meta name=\"twitter:data1\" content=\"1\u00a0Minute\" \/>\n<script type=\"application\/ld+json\" class=\"yoast-schema-graph\">{\"@context\":\"https:\/\/schema.org\",\"@graph\":[{\"@type\":\"WebPage\",\"@id\":\"https:\/\/www.ecambria-experts.de\/it-sachverstaendiger\/en\/neutral-experts-for-information-technology\",\"url\":\"https:\/\/www.ecambria-experts.de\/it-sachverstaendiger\/en\/neutral-experts-for-information-technology\",\"name\":\"Neutral experts for information technology - ecambria experts\",\"isPartOf\":{\"@id\":\"https:\/\/www.ecambria-experts.de\/it-sachverstaendiger\/#website\"},\"datePublished\":\"2018-05-09T20:33:43+00:00\",\"dateModified\":\"2019-04-12T14:22:28+00:00\",\"description\":\"Als IT-Sachverst\u00e4ndige beraten wir Gerichte, Unternehmen, Anw\u00e4lte und Beh\u00f6rden in IT-Streitf\u00e4llen oder IT-Projekten und erstellen schriftliche Gutachten.\",\"breadcrumb\":{\"@id\":\"https:\/\/www.ecambria-experts.de\/it-sachverstaendiger\/en\/neutral-experts-for-information-technology#breadcrumb\"},\"inLanguage\":\"de\",\"potentialAction\":[{\"@type\":\"ReadAction\",\"target\":[\"https:\/\/www.ecambria-experts.de\/it-sachverstaendiger\/en\/neutral-experts-for-information-technology\"]}]},{\"@type\":\"BreadcrumbList\",\"@id\":\"https:\/\/www.ecambria-experts.de\/it-sachverstaendiger\/en\/neutral-experts-for-information-technology#breadcrumb\",\"itemListElement\":[{\"@type\":\"ListItem\",\"position\":1,\"name\":\"Startseite\",\"item\":\"https:\/\/www.ecambria-experts.de\/it-sachverstaendiger\/\"},{\"@type\":\"ListItem\",\"position\":2,\"name\":\"Neutral experts for information technology\"}]},{\"@type\":\"WebSite\",\"@id\":\"https:\/\/www.ecambria-experts.de\/it-sachverstaendiger\/#website\",\"url\":\"https:\/\/www.ecambria-experts.de\/it-sachverstaendiger\/\",\"name\":\"ecambria experts\",\"description\":\"IT-Sachverst\u00e4ndige und Gutachter, Bewertung, Gerichtsgutachten, Privatgutachten, Schlichtung\",\"publisher\":{\"@id\":\"https:\/\/www.ecambria-experts.de\/it-sachverstaendiger\/#organization\"},\"potentialAction\":[{\"@type\":\"SearchAction\",\"target\":{\"@type\":\"EntryPoint\",\"urlTemplate\":\"https:\/\/www.ecambria-experts.de\/it-sachverstaendiger\/?s={search_term_string}\"},\"query-input\":{\"@type\":\"PropertyValueSpecification\",\"valueRequired\":true,\"valueName\":\"search_term_string\"}}],\"inLanguage\":\"de\"},{\"@type\":\"Organization\",\"@id\":\"https:\/\/www.ecambria-experts.de\/it-sachverstaendiger\/#organization\",\"name\":\"ecambria experts\",\"url\":\"https:\/\/www.ecambria-experts.de\/it-sachverstaendiger\/\",\"logo\":{\"@type\":\"ImageObject\",\"inLanguage\":\"de\",\"@id\":\"https:\/\/www.ecambria-experts.de\/it-sachverstaendiger\/#\/schema\/logo\/image\/\",\"url\":\"https:\/\/www.ecambria-experts.de\/it-sachverstaendiger\/wp-content\/uploads\/2025\/09\/ecambria_experts_logo_ohne_rand.svg\",\"contentUrl\":\"https:\/\/www.ecambria-experts.de\/it-sachverstaendiger\/wp-content\/uploads\/2025\/09\/ecambria_experts_logo_ohne_rand.svg\",\"width\":369,\"height\":60,\"caption\":\"ecambria experts\"},\"image\":{\"@id\":\"https:\/\/www.ecambria-experts.de\/it-sachverstaendiger\/#\/schema\/logo\/image\/\"}}]}<\/script>\n<!-- \/ Yoast SEO plugin. -->","yoast_head_json":{"title":"Neutral experts for information technology - ecambria experts","description":"Als IT-Sachverst\u00e4ndige beraten wir Gerichte, Unternehmen, Anw\u00e4lte und Beh\u00f6rden in IT-Streitf\u00e4llen oder IT-Projekten und erstellen schriftliche Gutachten.","robots":{"index":"index","follow":"follow","max-snippet":"max-snippet:-1","max-image-preview":"max-image-preview:large","max-video-preview":"max-video-preview:-1"},"canonical":"https:\/\/www.ecambria-experts.de\/it-sachverstaendiger\/en\/neutral-experts-for-information-technology","og_locale":"de_DE","og_type":"article","og_title":"Neutral experts for information technology - ecambria experts","og_description":"Als IT-Sachverst\u00e4ndige beraten wir Gerichte, Unternehmen, Anw\u00e4lte und Beh\u00f6rden in IT-Streitf\u00e4llen oder IT-Projekten und erstellen schriftliche Gutachten.","og_url":"https:\/\/www.ecambria-experts.de\/it-sachverstaendiger\/en\/neutral-experts-for-information-technology","og_site_name":"ecambria experts","article_modified_time":"2019-04-12T14:22:28+00:00","twitter_card":"summary_large_image","twitter_misc":{"Gesch\u00e4tzte Lesezeit":"1\u00a0Minute"},"schema":{"@context":"https:\/\/schema.org","@graph":[{"@type":"WebPage","@id":"https:\/\/www.ecambria-experts.de\/it-sachverstaendiger\/en\/neutral-experts-for-information-technology","url":"https:\/\/www.ecambria-experts.de\/it-sachverstaendiger\/en\/neutral-experts-for-information-technology","name":"Neutral experts for information technology - ecambria experts","isPartOf":{"@id":"https:\/\/www.ecambria-experts.de\/it-sachverstaendiger\/#website"},"datePublished":"2018-05-09T20:33:43+00:00","dateModified":"2019-04-12T14:22:28+00:00","description":"Als IT-Sachverst\u00e4ndige beraten wir Gerichte, Unternehmen, Anw\u00e4lte und Beh\u00f6rden in IT-Streitf\u00e4llen oder IT-Projekten und erstellen schriftliche Gutachten.","breadcrumb":{"@id":"https:\/\/www.ecambria-experts.de\/it-sachverstaendiger\/en\/neutral-experts-for-information-technology#breadcrumb"},"inLanguage":"de","potentialAction":[{"@type":"ReadAction","target":["https:\/\/www.ecambria-experts.de\/it-sachverstaendiger\/en\/neutral-experts-for-information-technology"]}]},{"@type":"BreadcrumbList","@id":"https:\/\/www.ecambria-experts.de\/it-sachverstaendiger\/en\/neutral-experts-for-information-technology#breadcrumb","itemListElement":[{"@type":"ListItem","position":1,"name":"Startseite","item":"https:\/\/www.ecambria-experts.de\/it-sachverstaendiger\/"},{"@type":"ListItem","position":2,"name":"Neutral experts for information technology"}]},{"@type":"WebSite","@id":"https:\/\/www.ecambria-experts.de\/it-sachverstaendiger\/#website","url":"https:\/\/www.ecambria-experts.de\/it-sachverstaendiger\/","name":"ecambria experts","description":"IT-Sachverst\u00e4ndige und Gutachter, Bewertung, Gerichtsgutachten, Privatgutachten, Schlichtung","publisher":{"@id":"https:\/\/www.ecambria-experts.de\/it-sachverstaendiger\/#organization"},"potentialAction":[{"@type":"SearchAction","target":{"@type":"EntryPoint","urlTemplate":"https:\/\/www.ecambria-experts.de\/it-sachverstaendiger\/?s={search_term_string}"},"query-input":{"@type":"PropertyValueSpecification","valueRequired":true,"valueName":"search_term_string"}}],"inLanguage":"de"},{"@type":"Organization","@id":"https:\/\/www.ecambria-experts.de\/it-sachverstaendiger\/#organization","name":"ecambria experts","url":"https:\/\/www.ecambria-experts.de\/it-sachverstaendiger\/","logo":{"@type":"ImageObject","inLanguage":"de","@id":"https:\/\/www.ecambria-experts.de\/it-sachverstaendiger\/#\/schema\/logo\/image\/","url":"https:\/\/www.ecambria-experts.de\/it-sachverstaendiger\/wp-content\/uploads\/2025\/09\/ecambria_experts_logo_ohne_rand.svg","contentUrl":"https:\/\/www.ecambria-experts.de\/it-sachverstaendiger\/wp-content\/uploads\/2025\/09\/ecambria_experts_logo_ohne_rand.svg","width":369,"height":60,"caption":"ecambria experts"},"image":{"@id":"https:\/\/www.ecambria-experts.de\/it-sachverstaendiger\/#\/schema\/logo\/image\/"}}]}},"_links":{"self":[{"href":"https:\/\/www.ecambria-experts.de\/it-sachverstaendiger\/wp-json\/wp\/v2\/pages\/977","targetHints":{"allow":["GET"]}}],"collection":[{"href":"https:\/\/www.ecambria-experts.de\/it-sachverstaendiger\/wp-json\/wp\/v2\/pages"}],"about":[{"href":"https:\/\/www.ecambria-experts.de\/it-sachverstaendiger\/wp-json\/wp\/v2\/types\/page"}],"author":[{"embeddable":true,"href":"https:\/\/www.ecambria-experts.de\/it-sachverstaendiger\/wp-json\/wp\/v2\/users\/1"}],"replies":[{"embeddable":true,"href":"https:\/\/www.ecambria-experts.de\/it-sachverstaendiger\/wp-json\/wp\/v2\/comments?post=977"}],"version-history":[{"count":5,"href":"https:\/\/www.ecambria-experts.de\/it-sachverstaendiger\/wp-json\/wp\/v2\/pages\/977\/revisions"}],"predecessor-version":[{"id":1158,"href":"https:\/\/www.ecambria-experts.de\/it-sachverstaendiger\/wp-json\/wp\/v2\/pages\/977\/revisions\/1158"}],"wp:attachment":[{"href":"https:\/\/www.ecambria-experts.de\/it-sachverstaendiger\/wp-json\/wp\/v2\/media?parent=977"}],"curies":[{"name":"wp","href":"https:\/\/api.w.org\/{rel}","templated":true}]}}